Last updated on 2024-04-22 23:10:04 CEST.
Flavor | Version | Tinstall | Tcheck | Ttotal | Status | Flags |
---|---|---|---|---|---|---|
r-devel-linux-x86_64-debian-clang | 1.2.2 | 42.69 | 457.25 | 499.94 | OK | |
r-devel-linux-x86_64-debian-gcc | 1.2.2 | 32.65 | 317.02 | 349.67 | OK | |
r-devel-linux-x86_64-fedora-clang | 1.2.2 | 595.91 | OK | |||
r-devel-linux-x86_64-fedora-gcc | 1.2.2 | 465.77 | OK | |||
r-prerel-macos-arm64 | 1.2.2 | 138.00 | ERROR | |||
r-prerel-windows-x86_64 | 1.2.2 | 32.00 | 307.00 | 339.00 | OK | |
r-patched-linux-x86_64 | 1.2.2 | 42.25 | 433.66 | 475.91 | OK | |
r-release-linux-x86_64 | 1.2.2 | 36.88 | 432.71 | 469.59 | OK | |
r-release-macos-arm64 | 1.2.2 | 155.00 | OK | |||
r-release-macos-x86_64 | 1.2.2 | 387.00 | OK | |||
r-release-windows-x86_64 | 1.2.2 | 43.00 | 414.00 | 457.00 | OK | |
r-oldrel-macos-arm64 | 1.2.2 | 151.00 | OK | |||
r-oldrel-windows-x86_64 | 1.2.2 | 44.00 | 395.00 | 439.00 | OK |
Version: 1.2.2
Check: re-building of vignette outputs
Result: ERROR
Error(s) in re-building vignettes:
...
--- re-building ‘secrlinear-vignette.Rmd’ using rmarkdown
Quitting from lines 585-611 [secrdesign] (secrlinear-vignette.Rmd)
Error: processing vignette 'secrlinear-vignette.Rmd' failed with diagnostics:
$ operator is invalid for atomic vectors
--- failed re-building ‘secrlinear-vignette.Rmd’
SUMMARY: processing the following file failed:
‘secrlinear-vignette.Rmd’
Error: Vignette re-building failed.
Execution halted
Flavor: r-prerel-macos-arm64