CRAN Package Check Results for Package seecolor

Last updated on 2024-04-19 22:56:02 CEST.

Flavor Version Tinstall Tcheck Ttotal Status Flags
r-devel-linux-x86_64-debian-clang 0.2.0 3.19 33.37 36.56 OK
r-devel-linux-x86_64-debian-gcc 0.2.0 OK
r-devel-linux-x86_64-fedora-clang 0.2.0 45.97 NOTE
r-devel-linux-x86_64-fedora-gcc 0.2.0 56.27 NOTE
r-prerel-macos-arm64 0.2.0 27.00 OK
r-prerel-windows-x86_64 0.2.0 5.00 45.00 50.00 OK
r-patched-linux-x86_64 0.2.0 2.86 31.03 33.89 OK
r-release-linux-x86_64 0.2.0 2.88 30.49 33.37 OK
r-release-macos-arm64 0.2.0 26.00 OK
r-release-macos-x86_64 0.2.0 34.00 OK
r-release-windows-x86_64 0.2.0 5.00 47.00 52.00 OK
r-oldrel-macos-arm64 0.2.0 20.00 OK
r-oldrel-windows-x86_64 0.2.0 5.00 53.00 58.00 OK

Check Details

Version: 0.2.0
Check: dependencies in R code
Result: NOTE Namespace in Imports field not imported from: ‘fansi’ All declared Imports should be used. Flavors: r-devel-linux-x86_64-fedora-clang, r-devel-linux-x86_64-fedora-gcc