CRAN Package Check Results for Package seededlda

Last updated on 2024-06-13 22:49:44 CEST.

Flavor Version Tinstall Tcheck Ttotal Status Flags
r-devel-linux-x86_64-debian-clang 1.2.1 122.28 776.72 899.00 OK
r-devel-linux-x86_64-debian-gcc 1.2.1 0.54 1.75 2.29 ERROR
r-devel-linux-x86_64-fedora-clang 1.2.1 863.61 NOTE
r-devel-linux-x86_64-fedora-gcc 1.2.1 896.74 NOTE
r-devel-windows-x86_64 1.2.1 91.00 554.00 645.00 OK
r-patched-linux-x86_64 1.2.1 82.21 586.44 668.65 OK
r-release-linux-x86_64 1.2.1 82.73 581.42 664.15 OK
r-release-macos-arm64 1.2.1 256.00 NOTE
r-release-macos-x86_64 1.2.1 362.00 NOTE
r-release-windows-x86_64 1.2.1 89.00 549.00 638.00 OK
r-oldrel-macos-arm64 1.2.1 259.00 NOTE
r-oldrel-macos-x86_64 1.2.1 714.00 NOTE
r-oldrel-windows-x86_64 1.2.1 112.00 763.00 875.00 OK

Check Details

Version: 1.2.1
Check: package dependencies
Result: ERROR Package required but not available: ‘testthat’ Packages suggested but not available for checking: 'testthat', 'keyATM' See section ‘The DESCRIPTION file’ in the ‘Writing R Extensions’ manual. Flavor: r-devel-linux-x86_64-debian-gcc

Version: 1.2.1
Check: data for non-ASCII characters
Result: NOTE Note: found 1 marked UTF-8 string Flavors: r-devel-linux-x86_64-fedora-clang, r-devel-linux-x86_64-fedora-gcc

Version: 1.2.1
Check: installed package size
Result: NOTE installed size is 10.9Mb sub-directories of 1Mb or more: data 2.9Mb libs 7.8Mb Flavors: r-release-macos-arm64, r-release-macos-x86_64, r-oldrel-macos-arm64, r-oldrel-macos-x86_64