Last updated on 2023-12-05 23:05:35 CET.
Flavor | Version | Tinstall | Tcheck | Ttotal | Status | Flags |
---|---|---|---|---|---|---|
r-devel-linux-x86_64-debian-clang | 1.1.0 | 84.37 | 868.66 | 953.03 | OK | |
r-devel-linux-x86_64-debian-gcc | 1.1.0 | 65.13 | 450.04 | 515.17 | OK | |
r-devel-linux-x86_64-fedora-clang | 1.1.0 | 867.37 | NOTE | |||
r-devel-linux-x86_64-fedora-gcc | 1.1.0 | 886.46 | NOTE | |||
r-devel-windows-x86_64 | 1.1.0 | 70.00 | 574.00 | 644.00 | OK | |
r-patched-linux-x86_64 | 1.1.0 | 69.15 | 621.16 | 690.31 | OK | |
r-release-linux-x86_64 | 1.1.0 | 64.96 | 602.91 | 667.87 | OK | |
r-release-macos-arm64 | 1.1.0 | 222.00 | NOTE | |||
r-release-macos-x86_64 | 1.1.0 | 538.00 | NOTE | |||
r-release-windows-x86_64 | 1.1.0 | 93.00 | 801.00 | 894.00 | OK | |
r-oldrel-macos-arm64 | 1.1.0 | 233.00 | NOTE | |||
r-oldrel-macos-x86_64 | 1.1.0 | 346.00 | NOTE | |||
r-oldrel-windows-x86_64 | 1.1.0 | 86.00 | 836.00 | 922.00 | OK |
Version: 1.1.0
Check: data for non-ASCII characters
Result: NOTE
Note: found 1 marked UTF-8 string
Flavors: r-devel-linux-x86_64-fedora-clang, r-devel-linux-x86_64-fedora-gcc
Version: 1.1.0
Check: installed package size
Result: NOTE
installed size is 10.9Mb
sub-directories of 1Mb or more:
data 2.9Mb
libs 7.9Mb
Flavors: r-release-macos-arm64, r-release-macos-x86_64, r-oldrel-macos-arm64, r-oldrel-macos-x86_64