Last updated on 2023-06-04 23:00:11 CEST.
Flavor | Version | Tinstall | Tcheck | Ttotal | Status | Flags |
---|---|---|---|---|---|---|
r-devel-linux-x86_64-debian-clang | 0.9.1 | 6.60 | 67.93 | 74.53 | OK | |
r-devel-linux-x86_64-debian-gcc | 0.9.1 | 6.06 | 53.02 | 59.08 | OK | |
r-devel-linux-x86_64-fedora-clang | 0.9.1 | 102.46 | NOTE | |||
r-devel-linux-x86_64-fedora-gcc | 0.9.1 | 110.74 | OK | |||
r-devel-windows-x86_64 | 0.9.1 | 8.00 | 75.00 | 83.00 | OK | |
r-patched-linux-x86_64 | 0.9.1 | 13.38 | 64.51 | 77.89 | OK | |
r-release-linux-x86_64 | 0.9.1 | 5.91 | 66.43 | 72.34 | OK | |
r-release-macos-arm64 | 0.9.1 | 39.00 | NOTE | |||
r-release-macos-x86_64 | 0.9.1 | 57.00 | NOTE | |||
r-release-windows-x86_64 | 0.9.1 | 12.00 | 84.00 | 96.00 | OK | |
r-oldrel-macos-arm64 | 0.9.1 | 30.00 | NOTE | |||
r-oldrel-macos-x86_64 | 0.9.1 | 51.00 | NOTE | |||
r-oldrel-windows-x86_64 | 0.9.1 | 12.00 | 85.00 | 97.00 | OK |
Version: 0.9.1
Check: package dependencies
Result: NOTE
Package suggested but not available for checking: ‘rsbml’
Flavors: r-devel-linux-x86_64-fedora-clang, r-release-macos-arm64, r-release-macos-x86_64, r-oldrel-macos-arm64, r-oldrel-macos-x86_64