Last updated on 2023-12-04 22:57:54 CET.
Flavor | Version | Tinstall | Tcheck | Ttotal | Status | Flags |
---|---|---|---|---|---|---|
r-devel-linux-x86_64-debian-clang | 1.1.3 | 8.16 | 90.63 | 98.79 | OK | |
r-devel-linux-x86_64-debian-gcc | 1.1.3 | 6.47 | 67.63 | 74.10 | OK | |
r-devel-linux-x86_64-fedora-clang | 1.1.4 | 66.18 | OK | |||
r-devel-linux-x86_64-fedora-gcc | 1.1.4 | 68.67 | OK | |||
r-devel-windows-x86_64 | 1.1.3 | 7.00 | 84.00 | 91.00 | OK | |
r-patched-linux-x86_64 | 1.1.3 | 6.18 | 87.51 | 93.69 | OK | |
r-release-linux-x86_64 | 1.1.3 | 5.46 | 87.06 | 92.52 | OK | |
r-release-macos-arm64 | 1.1.4 | 61.00 | NOTE | |||
r-release-macos-x86_64 | 1.1.4 | 96.00 | NOTE | |||
r-release-windows-x86_64 | 1.1.3 | 10.00 | 96.00 | 106.00 | OK | |
r-oldrel-macos-arm64 | 1.1.4 | 58.00 | NOTE | |||
r-oldrel-macos-x86_64 | 1.1.3 | 59.00 | NOTE | |||
r-oldrel-windows-x86_64 | 1.1.3 | 10.00 | 98.00 | 108.00 | OK |
Version: 1.1.4
Check: package dependencies
Result: NOTE
Package suggested but not available for checking: ‘ArrayExpress’
Flavors: r-release-macos-arm64, r-oldrel-macos-arm64
Version: 1.1.4
Check: Rd cross-references
Result: NOTE
Package unavailable to check Rd xrefs: ‘ArrayExpress’
Flavors: r-release-macos-arm64, r-release-macos-x86_64, r-oldrel-macos-arm64
Version: 1.1.4
Check: package dependencies
Result: NOTE
Packages suggested but not available for checking:
'ArrayExpress', 'org.Mm.eg.db'
Flavor: r-release-macos-x86_64
Version: 1.1.3
Check: package dependencies
Result: NOTE
Package suggested but not available for checking: ‘ArrayExpress’
Flavor: r-oldrel-macos-x86_64
Version: 1.1.3
Check: Rd cross-references
Result: NOTE
Package unavailable to check Rd xrefs: ‘ArrayExpress’
Flavor: r-oldrel-macos-x86_64