Last updated on 2023-02-05 22:59:33 CET.
Flavor | Version | Tinstall | Tcheck | Ttotal | Status | Flags |
---|---|---|---|---|---|---|
r-devel-linux-x86_64-debian-clang | 0.6.1 | 20.02 | 168.07 | 188.09 | OK | |
r-devel-linux-x86_64-debian-gcc | 0.6.1 | 16.15 | 124.60 | 140.75 | OK | |
r-devel-linux-x86_64-fedora-clang | 0.6.1 | 229.79 | OK | |||
r-devel-linux-x86_64-fedora-gcc | 0.6.1 | 238.08 | OK | |||
r-devel-windows-x86_64 | 0.6.1 | 46.00 | 213.00 | 259.00 | OK | |
r-patched-linux-x86_64 | 0.6.1 | 24.16 | 156.32 | 180.48 | OK | |
r-release-linux-x86_64 | 0.6.1 | 18.00 | 160.37 | 178.37 | OK | |
r-release-macos-arm64 | 0.6.1 | 60.00 | OK | |||
r-release-macos-x86_64 | 0.6.1 | 86.00 | OK | |||
r-release-windows-x86_64 | 0.6.1 | 42.00 | 205.00 | 247.00 | OK | |
r-oldrel-macos-arm64 | 0.6.1 | 58.00 | OK | |||
r-oldrel-macos-x86_64 | 0.6.1 | 90.00 | OK | |||
r-oldrel-windows-ix86+x86_64 | 0.6.1 | 35.00 | 213.00 | 248.00 | ERROR |
Version: 0.6.1
Check: PDF version of manual
Result: WARN
LaTeX errors when creating PDF version.
This typically indicates Rd problems.
LaTeX errors found:
! Package inputenc Error: Unicode char â<c2><80><c2><90> (U+2010)
(inputenc) not set up for use with LaTeX.
See the inputenc package documentation for explanation.
Type H <return> for immediate help.
! Package inputenc Error: Unicode char â<c2><80><c2><90> (U+2010)
(inputenc) not set up for use with LaTeX.
See the inputenc package documentation for explanation.
Type H <return> for immediate help.
Flavor: r-oldrel-windows-ix86+x86_64
Version: 0.6.1
Check: PDF version of manual without hyperrefs or index
Result: ERROR
Flavor: r-oldrel-windows-ix86+x86_64