Last updated on 2024-03-27 22:57:59 CET.
Flavor | Version | Tinstall | Tcheck | Ttotal | Status | Flags |
---|---|---|---|---|---|---|
r-devel-linux-x86_64-debian-clang | 2.3.2 | 10.08 | 163.94 | 174.02 | OK | |
r-devel-linux-x86_64-debian-gcc | 2.3.2 | 5.84 | 120.09 | 125.93 | OK | |
r-devel-linux-x86_64-fedora-clang | 2.3.2 | 208.18 | NOTE | |||
r-devel-linux-x86_64-fedora-gcc | 2.3.2 | 246.67 | NOTE | |||
r-devel-windows-x86_64 | 2.3.2 | 9.00 | 304.00 | 313.00 | OK | |
r-patched-linux-x86_64 | 2.3.2 | 6.33 | 159.75 | 166.08 | OK | |
r-release-linux-x86_64 | 2.3.2 | 5.70 | 155.20 | 160.90 | OK | |
r-release-macos-arm64 | 2.3.2 | 153.00 | OK | |||
r-release-macos-x86_64 | 2.3.2 | 229.00 | NOTE | |||
r-release-windows-x86_64 | 2.3.2 | 12.00 | 388.00 | 400.00 | OK | |
r-oldrel-macos-arm64 | 2.3.2 | 130.00 | NOTE | |||
r-oldrel-windows-x86_64 | 2.3.2 | 12.00 | 378.00 | 390.00 | OK |
Version: 2.3.2
Check: dependencies in R code
Result: NOTE
Namespaces in Imports field not imported from:
‘knitr’ ‘rmarkdown’ ‘webp’
All declared Imports should be used.
Flavors: r-devel-linux-x86_64-fedora-clang, r-devel-linux-x86_64-fedora-gcc, r-oldrel-macos-arm64
Version: 2.3.2
Check: package dependencies
Result: NOTE
Package which this enhances but not available for checking: ‘semPlot’
Flavor: r-release-macos-x86_64