Last updated on 2025-01-14 22:50:53 CET.
Flavor | Version | Tinstall | Tcheck | Ttotal | Status | Flags |
---|---|---|---|---|---|---|
r-devel-linux-x86_64-debian-clang | 1.2.4 | 3.06 | 153.43 | 156.49 | OK | |
r-devel-linux-x86_64-debian-gcc | 1.2.4 | 2.16 | 110.06 | 112.22 | OK | |
r-devel-linux-x86_64-fedora-clang | 1.2.4 | 290.01 | OK | |||
r-devel-linux-x86_64-fedora-gcc | 1.2.4 | 269.91 | OK | |||
r-devel-windows-x86_64 | 1.2.4 | 5.00 | 160.00 | 165.00 | OK | |
r-patched-linux-x86_64 | 1.2.4 | 3.97 | 142.25 | 146.22 | OK | |
r-release-linux-x86_64 | 1.2.4 | 2.70 | 144.96 | 147.66 | OK | |
r-release-macos-arm64 | 1.2.4 | 82.00 | OK | |||
r-release-macos-x86_64 | 1.2.4 | 124.00 | OK | |||
r-release-windows-x86_64 | 1.2.4 | 6.00 | 161.00 | 167.00 | OK | |
r-oldrel-macos-arm64 | 1.2.4 | 59.00 | NOTE | |||
r-oldrel-macos-x86_64 | 1.2.4 | 127.00 | NOTE | |||
r-oldrel-windows-x86_64 | 1.2.4 | 6.00 | 201.00 | 207.00 | OK |
Version: 1.2.4
Check: package dependencies
Result: NOTE
Package suggested but not available for checking: ‘airway’
Flavors: r-oldrel-macos-arm64, r-oldrel-macos-x86_64