Last updated on 2023-12-09 21:54:30 CET.
Flavor | Version | Tinstall | Tcheck | Ttotal | Status | Flags |
---|---|---|---|---|---|---|
r-devel-linux-x86_64-debian-clang | 9.3 | 117.65 | 39.67 | 157.32 | NOTE | |
r-devel-linux-x86_64-debian-gcc | 9.3 | 94.80 | 30.88 | 125.68 | NOTE | |
r-devel-linux-x86_64-fedora-clang | 9.3 | 273.77 | NOTE | |||
r-devel-linux-x86_64-fedora-gcc | 9.3 | 260.32 | NOTE | |||
r-devel-windows-x86_64 | 9.3 | 225.00 | 105.00 | 330.00 | NOTE | |
r-patched-linux-x86_64 | 9.3 | 111.60 | 39.50 | 151.10 | NOTE | |
r-release-linux-x86_64 | 9.3 | 115.12 | 38.69 | 153.81 | NOTE | |
r-release-macos-arm64 | 9.3 | 84.00 | NOTE | |||
r-release-macos-x86_64 | 9.3 | 122.00 | NOTE | |||
r-release-windows-x86_64 | 9.3 | 217.00 | 117.00 | 334.00 | NOTE | |
r-oldrel-macos-arm64 | 9.3 | 96.00 | NOTE | |||
r-oldrel-macos-x86_64 | 9.1 | 118.00 | NOTE | |||
r-oldrel-windows-x86_64 | 9.3 | 258.00 | 100.00 | 358.00 | NOTE |
Version: 9.3
Check: for GNU extensions in Makefiles
Result: NOTE
GNU make is a SystemRequirements.
Flavors: r-devel-linux-x86_64-debian-clang, r-devel-linux-x86_64-debian-gcc, r-devel-linux-x86_64-fedora-clang, r-devel-linux-x86_64-fedora-gcc, r-devel-windows-x86_64, r-patched-linux-x86_64, r-release-linux-x86_64, r-release-macos-arm64, r-release-macos-x86_64, r-release-windows-x86_64, r-oldrel-macos-arm64, r-oldrel-windows-x86_64
Version: 9.3
Check: installed package size
Result: NOTE
installed size is 19.3Mb
sub-directories of 1Mb or more:
libs 17.8Mb
Flavors: r-release-macos-arm64, r-release-macos-x86_64, r-oldrel-macos-arm64
Version: 9.1
Check: installed package size
Result: NOTE
installed size is 19.2Mb
sub-directories of 1Mb or more:
libs 17.7Mb
Flavor: r-oldrel-macos-x86_64
Version: 9.1
Check: for GNU extensions in Makefiles
Result: NOTE
GNU make is a SystemRequirements.
Flavor: r-oldrel-macos-x86_64