CRAN Package Check Results for Package seriation

Last updated on 2018-12-11 21:49:04 CET.

Flavor Version Tinstall Tcheck Ttotal Status Flags
r-devel-linux-x86_64-debian-clang 1.2-3 13.60 117.97 131.57 OK
r-devel-linux-x86_64-debian-gcc 1.2-3 11.68 93.73 105.41 OK
r-devel-linux-x86_64-fedora-clang 1.2-3 156.71 OK
r-devel-linux-x86_64-fedora-gcc 1.2-3 151.89 OK
r-devel-windows-ix86+x86_64 1.2-3 49.00 178.00 227.00 OK
r-patched-linux-x86_64 1.2-3 13.74 114.65 128.39 OK
r-patched-solaris-x86 1.2-3 245.30 OK
r-release-linux-x86_64 1.2-3 13.96 114.63 128.59 OK
r-release-windows-ix86+x86_64 1.2-3 33.00 175.00 208.00 WARN
r-release-osx-x86_64 1.2-3 OK
r-oldrel-windows-ix86+x86_64 1.2-3 33.00 242.00 275.00 WARN
r-oldrel-osx-x86_64 1.2-3 OK

Check Details

Version: 1.2-3
Check: whether package can be installed
Result: WARN
    Found the following significant warnings:
     Warning: S3 methods '[.fun_list', '[.grouped_df', 'all.equal.tbl_df', 'anti_join.data.frame', 'anti_join.tbl_df', 'arrange.data.frame', 'arrange.default', 'arrange.grouped_df', 'arrange.tbl_df', 'arrange_.data.frame', 'arrange_.tbl_df', 'as.data.frame.grouped_df', 'as.data.frame.rowwise_df', 'as.data.frame.tbl_cube', 'as.table.tbl_cube', 'as.tbl.data.frame', 'as.tbl.tbl', 'as.tbl_cube.array', 'as.tbl_cube.data.frame', 'as.tbl_cube.matrix', 'as.tbl_cube.table', 'as_tibble.grouped_df', 'as_tibble.tbl_cube', 'auto_copy.tbl_cube', 'auto_copy.tbl_df', 'cbind.grouped_df', 'collapse.data.frame', 'collect.data.frame', 'common_by.NULL', 'common_by.character', 'common_by.default', 'common_by.list', 'compute.data.frame', 'copy_to.DBIConnection', 'copy_to.src_local', 'default_missing.data.frame', 'default_missing.default', 'dim.tbl_cube', 'distinct.data.frame', 'distinct.default', 'distinct.grouped_df', 'distinct.tbl_df', 'distinct_.data.frame', 'distinct_.grouped_df', 'distinct_.tbl_df', 'do.NULL', 'do.da [... truncated]
Flavors: r-release-windows-ix86+x86_64, r-oldrel-windows-ix86+x86_64