Last updated on 2023-06-04 23:00:12 CEST.
Flavor | Version | Tinstall | Tcheck | Ttotal | Status | Flags |
---|---|---|---|---|---|---|
r-devel-linux-x86_64-debian-clang | 0.4.2 | 144.60 | 49.10 | 193.70 | OK | |
r-devel-linux-x86_64-debian-gcc | 0.4.2 | 115.49 | 37.91 | 153.40 | OK | |
r-devel-linux-x86_64-fedora-clang | 0.4.2 | 272.07 | OK | |||
r-devel-linux-x86_64-fedora-gcc | 0.4.2 | 294.27 | OK | |||
r-devel-windows-x86_64 | 0.4.2 | 99.00 | 84.00 | 183.00 | OK | |
r-patched-linux-x86_64 | 0.4.2 | 122.51 | 47.06 | 169.57 | OK | |
r-release-linux-x86_64 | 0.4.2 | 122.51 | 47.79 | 170.30 | OK | |
r-release-macos-arm64 | 0.4.2 | 70.00 | NOTE | |||
r-release-macos-x86_64 | 0.4.2 | 118.00 | NOTE | |||
r-release-windows-x86_64 | 0.4.2 | 132.00 | 100.00 | 232.00 | OK | |
r-oldrel-macos-arm64 | 0.4.2 | 71.00 | NOTE | |||
r-oldrel-macos-x86_64 | 0.4.2 | 89.00 | NOTE | |||
r-oldrel-windows-x86_64 | 0.4.2 | 135.00 | 92.00 | 227.00 | OK |
Version: 0.4.2
Check: installed package size
Result: NOTE
installed size is 8.2Mb
sub-directories of 1Mb or more:
libs 7.7Mb
Flavors: r-release-macos-arm64, r-release-macos-x86_64, r-oldrel-macos-arm64, r-oldrel-macos-x86_64