CRAN Package Check Results for Package sgat

Last updated on 2023-01-26 23:00:27 CET.

Flavor Version Tinstall Tcheck Ttotal Status Flags
r-devel-linux-x86_64-debian-clang 0.9 1.88 28.29 30.17 NOTE
r-devel-linux-x86_64-debian-gcc 0.9 1.69 22.12 23.81 NOTE
r-devel-linux-x86_64-fedora-clang 0.9 39.41 NOTE
r-devel-linux-x86_64-fedora-gcc 0.9 48.54 NOTE
r-patched-linux-x86_64 0.9 1.93 28.55 30.48 NOTE
r-release-linux-x86_64 0.9 2.04 29.39 31.43 NOTE
r-release-macos-arm64 0.9 23.00 NOTE
r-release-macos-x86_64 0.9 37.00 NOTE
r-release-windows-x86_64 0.9 11.00 64.00 75.00 NOTE
r-oldrel-macos-arm64 0.9 27.00 NOTE
r-oldrel-macos-x86_64 0.9 34.00 NOTE
r-oldrel-windows-ix86+x86_64 0.9 8.00 68.00 76.00 NOTE

Check Details

Version: 0.9
Check: LazyData
Result: NOTE
     'LazyData' is specified without a 'data' directory
Flavors: r-devel-linux-x86_64-debian-clang, r-devel-linux-x86_64-debian-gcc, r-devel-linux-x86_64-fedora-clang, r-devel-linux-x86_64-fedora-gcc, r-patched-linux-x86_64, r-release-linux-x86_64, r-release-macos-arm64, r-release-macos-x86_64, r-release-windows-x86_64, r-oldrel-macos-arm64, r-oldrel-macos-x86_64, r-oldrel-windows-ix86+x86_64

Version: 0.9
Check: dependencies in R code
Result: NOTE
    Namespace in Imports field not imported from: ‘plyr’
     All declared Imports should be used.
Flavors: r-devel-linux-x86_64-fedora-clang, r-devel-linux-x86_64-fedora-gcc, r-release-macos-arm64, r-release-macos-x86_64, r-oldrel-macos-arm64, r-oldrel-macos-x86_64