Last updated on 2023-09-25 22:12:51 CEST.
Flavor | Version | Tinstall | Tcheck | Ttotal | Status | Flags |
---|---|---|---|---|---|---|
r-devel-linux-x86_64-debian-clang | 0.8 | 6.84 | 67.10 | 73.94 | OK | |
r-devel-linux-x86_64-debian-gcc | 0.8 | 5.38 | 49.62 | 55.00 | OK | |
r-devel-linux-x86_64-fedora-clang | 0.8 | 89.44 | NOTE | |||
r-devel-linux-x86_64-fedora-gcc | 0.8 | 84.62 | NOTE | |||
r-devel-windows-x86_64 | 0.8 | 7.00 | 66.00 | 73.00 | OK | |
r-patched-linux-x86_64 | 0.8 | 7.32 | 63.88 | 71.20 | OK | |
r-release-linux-x86_64 | 0.8 | 6.57 | 64.38 | 70.95 | OK | |
r-release-macos-arm64 | 0.8 | 29.00 | OK | |||
r-release-macos-x86_64 | 0.8 | 43.00 | OK | |||
r-release-windows-x86_64 | 0.8 | 11.00 | 77.00 | 88.00 | OK | |
r-oldrel-macos-arm64 | 0.8 | 32.00 | NOTE | |||
r-oldrel-macos-x86_64 | 0.8 | 42.00 | NOTE | |||
r-oldrel-windows-x86_64 | 0.8 | 11.00 | 82.00 | 93.00 | OK |
Version: 0.8
Check: dependencies in R code
Result: NOTE
Namespace in Imports field not imported from: ‘rlang’
All declared Imports should be used.
Flavors: r-devel-linux-x86_64-fedora-clang, r-devel-linux-x86_64-fedora-gcc, r-oldrel-macos-arm64, r-oldrel-macos-x86_64