Last updated on 2024-04-23 22:55:36 CEST.
Flavor | Version | Tinstall | Tcheck | Ttotal | Status | Flags |
---|---|---|---|---|---|---|
r-devel-linux-x86_64-debian-clang | 0.8 | 6.28 | 67.89 | 74.17 | OK | |
r-devel-linux-x86_64-debian-gcc | 0.8 | 4.97 | 47.81 | 52.78 | OK | |
r-devel-linux-x86_64-fedora-clang | 0.8 | 89.23 | NOTE | |||
r-devel-linux-x86_64-fedora-gcc | 0.8 | 89.33 | NOTE | |||
r-prerel-macos-arm64 | 0.8 | 29.00 | OK | |||
r-prerel-windows-x86_64 | 0.8 | 10.00 | 65.00 | 75.00 | OK | |
r-patched-linux-x86_64 | 0.8 | 6.13 | 61.81 | 67.94 | OK | |
r-release-linux-x86_64 | 0.8 | 6.62 | 63.44 | 70.06 | OK | |
r-release-macos-arm64 | 0.8 | 29.00 | OK | |||
r-release-macos-x86_64 | 0.8 | 43.00 | OK | |||
r-release-windows-x86_64 | 0.8 | 10.00 | 70.00 | 80.00 | OK | |
r-oldrel-macos-arm64 | 0.8 | 32.00 | NOTE | |||
r-oldrel-windows-x86_64 | 0.8 | 10.00 | 78.00 | 88.00 | OK |
Version: 0.8
Check: dependencies in R code
Result: NOTE
Namespace in Imports field not imported from: ‘rlang’
All declared Imports should be used.
Flavors: r-devel-linux-x86_64-fedora-clang, r-devel-linux-x86_64-fedora-gcc, r-oldrel-macos-arm64