CRAN Package Check Results for Package shadow

Last updated on 2019-08-22 22:47:06 CEST.

Flavor Version Tinstall Tcheck Ttotal Status Flags
r-devel-linux-x86_64-debian-clang 0.6.1 8.64 113.60 122.24 OK
r-devel-linux-x86_64-debian-gcc 0.6.1 7.49 88.20 95.69 OK
r-devel-linux-x86_64-fedora-clang 0.6.1 144.18 NOTE
r-devel-linux-x86_64-fedora-gcc 0.6.1 160.13 NOTE
r-devel-windows-ix86+x86_64 0.6.1 26.00 165.00 191.00 OK
r-patched-linux-x86_64 0.6.1 7.89 111.34 119.23 OK
r-patched-solaris-x86 0.6.1 207.40 NOTE
r-release-linux-x86_64 0.6.1 7.20 110.96 118.16 OK
r-release-windows-ix86+x86_64 0.6.1 27.00 161.00 188.00 OK
r-release-osx-x86_64 0.6.1 NOTE
r-oldrel-windows-ix86+x86_64 0.6.1 17.00 155.00 172.00 OK
r-oldrel-osx-x86_64 0.6.1 NOTE

Check Details

Version: 0.6.1
Check: dependencies in R code
Result: NOTE
    Namespaces in Imports field not imported from:
     ‘parallel’ ‘plyr’
     All declared Imports should be used.
Flavors: r-devel-linux-x86_64-fedora-clang, r-devel-linux-x86_64-fedora-gcc, r-patched-solaris-x86, r-release-osx-x86_64, r-oldrel-osx-x86_64