CRAN Package Check Results for Package shapper

Last updated on 2024-02-28 22:59:32 CET.

Flavor Version Tinstall Tcheck Ttotal Status Flags
r-devel-linux-x86_64-debian-clang 0.1.3 8.80 100.80 109.60 NOTE
r-devel-linux-x86_64-debian-gcc 0.1.3 8.20 76.83 85.03 NOTE
r-devel-linux-x86_64-fedora-clang 0.1.3 141.10 NOTE
r-devel-linux-x86_64-fedora-gcc 0.1.3 156.53 NOTE
r-devel-windows-x86_64 0.1.3 9.00 138.00 147.00 NOTE
r-patched-linux-x86_64 0.1.3 8.19 97.78 105.97 NOTE
r-release-linux-x86_64 0.1.3 6.65 100.02 106.67 NOTE
r-release-macos-arm64 0.1.3 51.00 NOTE
r-release-macos-x86_64 0.1.3 85.00 NOTE
r-release-windows-x86_64 0.1.3 14.00 134.00 148.00 NOTE
r-oldrel-macos-arm64 0.1.3 43.00 NOTE
r-oldrel-windows-x86_64 0.1.3 12.00 133.00 145.00 NOTE

Check Details

Version: 0.1.3
Check: LazyData
Result: NOTE 'LazyData' is specified without a 'data' directory Flavors: r-devel-linux-x86_64-debian-clang, r-devel-linux-x86_64-debian-gcc, r-devel-linux-x86_64-fedora-clang, r-devel-linux-x86_64-fedora-gcc, r-devel-windows-x86_64, r-patched-linux-x86_64, r-release-linux-x86_64, r-release-macos-arm64, r-release-macos-x86_64, r-release-windows-x86_64, r-oldrel-macos-arm64, r-oldrel-windows-x86_64