Last updated on 2023-01-30 22:57:22 CET.
Flavor | Version | Tinstall | Tcheck | Ttotal | Status | Flags |
---|---|---|---|---|---|---|
r-devel-linux-x86_64-debian-clang | 1.7.4 | 39.98 | 172.74 | 212.72 | OK | |
r-devel-linux-x86_64-debian-gcc | 1.7.4 | 34.83 | 126.74 | 161.57 | OK | |
r-devel-linux-x86_64-fedora-clang | 1.7.4 | 260.99 | NOTE | |||
r-devel-linux-x86_64-fedora-gcc | 1.7.4 | 214.19 | OK | |||
r-devel-windows-x86_64 | 1.7.4 | 344.00 | 280.00 | 624.00 | NOTE | |
r-patched-linux-x86_64 | 1.7.4 | 49.77 | 146.68 | 196.45 | OK | |
r-release-linux-x86_64 | 1.7.4 | 43.50 | 150.40 | 193.90 | OK | |
r-release-macos-arm64 | 1.7.4 | 75.00 | NOTE | |||
r-release-macos-x86_64 | 1.7.4 | 95.00 | NOTE | |||
r-release-windows-x86_64 | 1.7.4 | 282.00 | 220.00 | 502.00 | NOTE | |
r-oldrel-macos-arm64 | 1.7.4 | 72.00 | NOTE | |||
r-oldrel-macos-x86_64 | 1.7.4 | 102.00 | NOTE | |||
r-oldrel-windows-ix86+x86_64 | 1.7.4 | 66.00 | 204.00 | 270.00 | NOTE |
Version: 1.7.4
Check: installed package size
Result: NOTE
installed size is 10.5Mb
sub-directories of 1Mb or more:
R 1.6Mb
www 7.5Mb
Flavors: r-devel-linux-x86_64-fedora-clang, r-devel-windows-x86_64, r-release-macos-arm64, r-release-macos-x86_64, r-release-windows-x86_64, r-oldrel-macos-arm64, r-oldrel-macos-x86_64, r-oldrel-windows-ix86+x86_64