Last updated on 2023-06-03 22:56:55 CEST.
Flavor | Version | Tinstall | Tcheck | Ttotal | Status | Flags |
---|---|---|---|---|---|---|
r-devel-linux-x86_64-debian-clang | 1.7.4 | 45.24 | 169.92 | 215.16 | OK | |
r-devel-linux-x86_64-debian-gcc | 1.7.4 | 33.81 | 129.48 | 163.29 | OK | |
r-devel-linux-x86_64-fedora-clang | 1.7.4 | 267.13 | NOTE | |||
r-devel-linux-x86_64-fedora-gcc | 1.7.4 | 250.82 | OK | |||
r-devel-windows-x86_64 | 1.7.4 | 36.00 | 180.00 | 216.00 | NOTE | |
r-patched-linux-x86_64 | 1.7.4 | OK | ||||
r-release-linux-x86_64 | 1.7.4 | 38.58 | 166.53 | 205.11 | OK | |
r-release-macos-arm64 | 1.7.4 | 83.00 | NOTE | |||
r-release-macos-x86_64 | 1.7.4 | 133.00 | NOTE | |||
r-release-windows-x86_64 | 1.7.4 | 47.00 | 220.00 | 267.00 | NOTE | |
r-oldrel-macos-arm64 | 1.7.4 | 75.00 | NOTE | |||
r-oldrel-macos-x86_64 | 1.7.4 | 95.00 | NOTE | |||
r-oldrel-windows-x86_64 | 1.7.4 | 49.00 | 174.00 | 223.00 | NOTE |
Version: 1.7.4
Check: installed package size
Result: NOTE
installed size is 10.5Mb
sub-directories of 1Mb or more:
R 1.6Mb
www 7.5Mb
Flavors: r-devel-linux-x86_64-fedora-clang, r-devel-windows-x86_64, r-release-macos-arm64, r-release-macos-x86_64, r-release-windows-x86_64, r-oldrel-macos-arm64, r-oldrel-macos-x86_64, r-oldrel-windows-x86_64