CRAN Package Check Results for Package shiny.info

Last updated on 2025-01-18 22:49:04 CET.

Flavor Version Tinstall Tcheck Ttotal Status Flags
r-devel-linux-x86_64-debian-clang 0.2.0 4.00 33.07 37.07 NOTE
r-devel-linux-x86_64-debian-gcc 0.2.0 2.96 25.60 28.56 NOTE
r-devel-linux-x86_64-fedora-clang 0.2.0 60.12 NOTE
r-devel-linux-x86_64-fedora-gcc 0.2.0 58.59 NOTE
r-devel-windows-x86_64 0.2.0 5.00 55.00 60.00 NOTE
r-patched-linux-x86_64 0.2.0 3.51 31.44 34.95 NOTE
r-release-linux-x86_64 0.2.0 3.62 31.36 34.98 NOTE
r-release-macos-arm64 0.2.0 21.00 NOTE
r-release-macos-x86_64 0.2.0 30.00 NOTE
r-release-windows-x86_64 0.2.0 8.00 53.00 61.00 NOTE
r-oldrel-macos-arm64 0.2.0 21.00 OK
r-oldrel-macos-x86_64 0.2.0 31.00 OK
r-oldrel-windows-x86_64 0.2.0 6.00 61.00 67.00 OK

Check Details

Version: 0.2.0
Check: Rd files
Result: NOTE checkRd: (-1) display.Rd:17: Lost braces; missing escapes or markup? 17 | div which wraps your message to display it in the {position} corner of your shiny app. | ^ checkRd: (-1) info_value.Rd:15: Lost braces; missing escapes or markup? 15 | div which wraps rendered value to display it in the {position} corner of your shiny app. | ^ Flavors: r-devel-linux-x86_64-debian-clang, r-devel-linux-x86_64-debian-gcc, r-devel-linux-x86_64-fedora-clang, r-devel-linux-x86_64-fedora-gcc, r-devel-windows-x86_64, r-patched-linux-x86_64, r-release-linux-x86_64, r-release-macos-arm64, r-release-macos-x86_64, r-release-windows-x86_64