Last updated on 2023-01-29 23:03:21 CET.
Flavor | Version | Tinstall | Tcheck | Ttotal | Status | Flags |
---|---|---|---|---|---|---|
r-devel-linux-x86_64-debian-clang | 0.4.3 | 10.03 | 69.25 | 79.28 | OK | |
r-devel-linux-x86_64-debian-gcc | 0.4.3 | 6.94 | 52.97 | 59.91 | OK | |
r-devel-linux-x86_64-fedora-clang | 0.4.3 | 100.31 | NOTE | |||
r-devel-linux-x86_64-fedora-gcc | 0.4.3 | 104.47 | OK | |||
r-devel-windows-x86_64 | 0.4.3 | 383.00 | 138.00 | 521.00 | NOTE | |
r-patched-linux-x86_64 | 0.4.3 | 10.09 | 64.92 | 75.01 | OK | |
r-release-linux-x86_64 | 0.4.3 | 8.61 | 61.02 | 69.63 | OK | |
r-release-macos-arm64 | 0.4.3 | 29.00 | NOTE | |||
r-release-macos-x86_64 | 0.4.3 | 54.00 | NOTE | |||
r-release-windows-x86_64 | 0.4.3 | 241.00 | 121.00 | 362.00 | NOTE | |
r-oldrel-macos-arm64 | 0.4.3 | 31.00 | NOTE | |||
r-oldrel-macos-x86_64 | 0.4.3 | 48.00 | NOTE | |||
r-oldrel-windows-ix86+x86_64 | 0.4.3 | 21.00 | 104.00 | 125.00 | NOTE |
Version: 0.4.3
Check: installed package size
Result: NOTE
installed size is 11.3Mb
sub-directories of 1Mb or more:
help 2.5Mb
www 8.1Mb
Flavors: r-devel-linux-x86_64-fedora-clang, r-devel-windows-x86_64, r-release-macos-arm64, r-release-macos-x86_64, r-release-windows-x86_64, r-oldrel-macos-arm64, r-oldrel-macos-x86_64, r-oldrel-windows-ix86+x86_64