Last updated on 2024-04-25 22:49:22 CEST.
Flavor | Version | Tinstall | Tcheck | Ttotal | Status | Flags |
---|---|---|---|---|---|---|
r-devel-linux-x86_64-debian-clang | 0.0.1 | 3.15 | 22.35 | 25.50 | NOTE | |
r-devel-linux-x86_64-debian-gcc | 0.0.1 | 2.51 | 17.67 | 20.18 | NOTE | |
r-devel-linux-x86_64-fedora-clang | 0.0.1 | 33.49 | NOTE | |||
r-devel-linux-x86_64-fedora-gcc | 0.0.1 | 30.53 | NOTE | |||
r-devel-windows-x86_64 | 0.0.1 | 4.00 | 39.00 | 43.00 | NOTE | |
r-patched-linux-x86_64 | 0.0.1 | 2.28 | 22.21 | 24.49 | NOTE | |
r-release-linux-x86_64 | 0.0.1 | 2.37 | 22.18 | 24.55 | NOTE | |
r-release-macos-arm64 | 0.0.1 | 15.00 | NOTE | |||
r-release-windows-x86_64 | 0.0.1 | 4.00 | 39.00 | 43.00 | NOTE | |
r-oldrel-macos-arm64 | 0.0.1 | 17.00 | NOTE | |||
r-oldrel-macos-x86_64 | 0.0.1 | 21.00 | NOTE | |||
r-oldrel-windows-x86_64 | 0.0.1 | 5.00 | 39.00 | 44.00 | NOTE |
Version: 0.0.1
Check: LazyData
Result: NOTE
'LazyData' is specified without a 'data' directory
Flavors: r-devel-linux-x86_64-debian-clang, r-devel-linux-x86_64-debian-gcc, r-devel-linux-x86_64-fedora-clang, r-devel-linux-x86_64-fedora-gcc, r-devel-windows-x86_64, r-patched-linux-x86_64, r-release-linux-x86_64, r-release-macos-arm64, r-release-windows-x86_64, r-oldrel-macos-arm64, r-oldrel-macos-x86_64, r-oldrel-windows-x86_64
Version: 0.0.1
Check: dependencies in R code
Result: NOTE
Namespaces in Imports field not imported from:
‘R6’ ‘shiny’
All declared Imports should be used.
Flavors: r-devel-linux-x86_64-fedora-clang, r-devel-linux-x86_64-fedora-gcc