CRAN Package Check Results for Package shinyKnobs

Last updated on 2024-04-19 22:56:03 CEST.

Flavor Version Tinstall Tcheck Ttotal Status Flags
r-devel-linux-x86_64-debian-clang 0.1.3 3.32 36.48 39.80 NOTE
r-devel-linux-x86_64-debian-gcc 0.1.3 NOTE
r-devel-linux-x86_64-fedora-clang 0.1.3 51.90 NOTE
r-devel-linux-x86_64-fedora-gcc 0.1.3 48.76 NOTE
r-prerel-macos-arm64 0.1.3 19.00 NOTE
r-prerel-windows-x86_64 0.1.3 6.00 54.00 60.00 NOTE
r-patched-linux-x86_64 0.1.3 3.10 36.97 40.07 NOTE
r-release-linux-x86_64 0.1.3 4.27 34.61 38.88 NOTE
r-release-macos-arm64 0.1.3 21.00 NOTE
r-release-macos-x86_64 0.1.3 28.00 NOTE
r-release-windows-x86_64 0.1.3 7.00 55.00 62.00 NOTE
r-oldrel-macos-arm64 0.1.3 18.00 NOTE
r-oldrel-windows-x86_64 0.1.3 8.00 62.00 70.00 NOTE

Check Details

Version: 0.1.3
Check: LazyData
Result: NOTE 'LazyData' is specified without a 'data' directory Flavors: r-devel-linux-x86_64-debian-clang, r-devel-linux-x86_64-debian-gcc, r-devel-linux-x86_64-fedora-clang, r-devel-linux-x86_64-fedora-gcc, r-prerel-macos-arm64, r-prerel-windows-x86_64, r-patched-linux-x86_64, r-release-linux-x86_64, r-release-macos-arm64, r-release-macos-x86_64, r-release-windows-x86_64, r-oldrel-macos-arm64, r-oldrel-windows-x86_64