CRAN Package Check Results for Package shinyKnobs

Last updated on 2023-03-23 22:52:44 CET.

Flavor Version Tinstall Tcheck Ttotal Status Flags
r-devel-linux-x86_64-debian-clang 0.1.3 3.54 35.57 39.11 NOTE
r-devel-linux-x86_64-debian-gcc 0.1.3 3.17 27.92 31.09 NOTE
r-devel-linux-x86_64-fedora-clang 0.1.3 50.00 NOTE
r-devel-linux-x86_64-fedora-gcc 0.1.3 46.75 NOTE
r-patched-linux-x86_64 0.1.3 2.93 36.77 39.70 NOTE
r-release-linux-x86_64 0.1.3 2.99 35.97 38.96 NOTE
r-release-macos-arm64 0.1.3 18.00 NOTE
r-release-macos-x86_64 0.1.3 39.00 NOTE
r-release-windows-x86_64 0.1.3 23.00 84.00 107.00 NOTE
r-oldrel-macos-arm64 0.1.3 23.00 NOTE
r-oldrel-macos-x86_64 0.1.3 31.00 NOTE
r-oldrel-windows-ix86+x86_64 0.1.3 11.00 64.00 75.00 NOTE

Check Details

Version: 0.1.3
Check: LazyData
Result: NOTE
     'LazyData' is specified without a 'data' directory
Flavors: r-devel-linux-x86_64-debian-clang, r-devel-linux-x86_64-debian-gcc, r-devel-linux-x86_64-fedora-clang, r-devel-linux-x86_64-fedora-gcc, r-patched-linux-x86_64, r-release-linux-x86_64, r-release-macos-arm64, r-release-macos-x86_64, r-release-windows-x86_64, r-oldrel-macos-arm64, r-oldrel-macos-x86_64, r-oldrel-windows-ix86+x86_64