Last updated on 2023-03-25 22:55:42 CET.
Flavor | Version | Tinstall | Tcheck | Ttotal | Status | Flags |
---|---|---|---|---|---|---|
r-devel-linux-x86_64-debian-clang | 1.1.0 | 3.63 | 37.58 | 41.21 | NOTE | |
r-devel-linux-x86_64-debian-gcc | 1.1.0 | 2.62 | 29.30 | 31.92 | NOTE | |
r-devel-linux-x86_64-fedora-clang | 1.1.0 | 52.00 | NOTE | |||
r-devel-linux-x86_64-fedora-gcc | 1.1.0 | 48.49 | NOTE | |||
r-patched-linux-x86_64 | 1.1.0 | 3.56 | 38.15 | 41.71 | NOTE | |
r-release-linux-x86_64 | 1.1.0 | 2.66 | 37.63 | 40.29 | NOTE | |
r-release-macos-arm64 | 1.1.0 | 19.00 | NOTE | |||
r-release-macos-x86_64 | 1.1.0 | 41.00 | NOTE | |||
r-release-windows-x86_64 | 1.1.0 | 20.00 | 69.00 | 89.00 | NOTE | |
r-oldrel-macos-arm64 | 1.1.0 | 21.00 | NOTE | |||
r-oldrel-macos-x86_64 | 1.1.0 | 31.00 | NOTE | |||
r-oldrel-windows-ix86+x86_64 | 1.1.0 | 11.00 | 66.00 | 77.00 | NOTE |
Version: 1.1.0
Check: LazyData
Result: NOTE
'LazyData' is specified without a 'data' directory
Flavors: r-devel-linux-x86_64-debian-clang, r-devel-linux-x86_64-debian-gcc, r-devel-linux-x86_64-fedora-clang, r-devel-linux-x86_64-fedora-gcc, r-patched-linux-x86_64, r-release-linux-x86_64, r-release-macos-arm64, r-release-macos-x86_64, r-release-windows-x86_64, r-oldrel-macos-arm64, r-oldrel-macos-x86_64, r-oldrel-windows-ix86+x86_64