Last updated on 2023-01-26 23:00:28 CET.
Flavor | Version | Tinstall | Tcheck | Ttotal | Status | Flags |
---|---|---|---|---|---|---|
r-devel-linux-x86_64-debian-clang | 0.3.2 | 2.19 | 21.55 | 23.74 | OK | |
r-devel-linux-x86_64-debian-gcc | 0.3.2 | 1.81 | 17.02 | 18.83 | OK | |
r-devel-linux-x86_64-fedora-clang | 0.3.2 | 30.41 | NOTE | |||
r-devel-linux-x86_64-fedora-gcc | 0.3.2 | 29.61 | NOTE | |||
r-patched-linux-x86_64 | 0.3.2 | 2.28 | 21.67 | 23.95 | OK | |
r-release-linux-x86_64 | 0.3.2 | 2.08 | 22.17 | 24.25 | OK | |
r-release-macos-arm64 | 0.3.2 | 14.00 | NOTE | |||
r-release-macos-x86_64 | 0.3.2 | 28.00 | NOTE | |||
r-release-windows-x86_64 | 0.3.2 | 29.00 | 49.00 | 78.00 | OK | |
r-oldrel-macos-arm64 | 0.3.2 | 18.00 | NOTE | |||
r-oldrel-macos-x86_64 | 0.3.2 | 26.00 | NOTE | |||
r-oldrel-windows-ix86+x86_64 | 0.3.2 | 6.00 | 44.00 | 50.00 | OK |
Version: 0.3.2
Check: dependencies in R code
Result: NOTE
Namespace in Imports field not imported from: ‘markdown’
All declared Imports should be used.
Flavors: r-devel-linux-x86_64-fedora-clang, r-devel-linux-x86_64-fedora-gcc, r-release-macos-arm64, r-release-macos-x86_64, r-oldrel-macos-arm64, r-oldrel-macos-x86_64