Last updated on 2024-04-18 22:53:00 CEST.
Flavor | Version | Tinstall | Tcheck | Ttotal | Status | Flags |
---|---|---|---|---|---|---|
r-devel-linux-x86_64-debian-clang | 1.1.0 | 1.91 | 20.99 | 22.90 | NOTE | |
r-devel-linux-x86_64-debian-gcc | 1.1.0 | 1.53 | 16.50 | 18.03 | NOTE | |
r-devel-linux-x86_64-fedora-clang | 1.1.0 | 29.93 | NOTE | |||
r-devel-linux-x86_64-fedora-gcc | 1.1.0 | 29.14 | NOTE | |||
r-prerel-macos-arm64 | 1.1.0 | 14.00 | NOTE | |||
r-prerel-windows-x86_64 | 1.1.0 | 4.00 | 38.00 | 42.00 | NOTE | |
r-patched-linux-x86_64 | 1.1.0 | 2.11 | 20.83 | 22.94 | NOTE | |
r-release-linux-x86_64 | 1.1.0 | 2.04 | 21.00 | 23.04 | NOTE | |
r-release-macos-arm64 | 1.1.0 | 15.00 | NOTE | |||
r-release-macos-x86_64 | 1.1.0 | 18.00 | NOTE | |||
r-release-windows-x86_64 | 1.1.0 | 4.00 | 36.00 | 40.00 | NOTE | |
r-oldrel-macos-arm64 | 1.1.0 | 14.00 | NOTE | |||
r-oldrel-windows-x86_64 | 1.1.0 | 5.00 | 42.00 | 47.00 | NOTE |
Version: 1.1.0
Check: LazyData
Result: NOTE
'LazyData' is specified without a 'data' directory
Flavors: r-devel-linux-x86_64-debian-clang, r-devel-linux-x86_64-debian-gcc, r-devel-linux-x86_64-fedora-clang, r-devel-linux-x86_64-fedora-gcc, r-prerel-macos-arm64, r-prerel-windows-x86_64, r-patched-linux-x86_64, r-release-linux-x86_64, r-release-macos-arm64, r-release-macos-x86_64, r-release-windows-x86_64, r-oldrel-macos-arm64, r-oldrel-windows-x86_64
Version: 1.1.0
Check: dependencies in R code
Result: NOTE
Namespace in Imports field not imported from: ‘httr’
All declared Imports should be used.
Flavors: r-devel-linux-x86_64-fedora-clang, r-devel-linux-x86_64-fedora-gcc, r-oldrel-macos-arm64