Last updated on 2021-04-11 22:47:24 CEST.
Flavor | Version | Tinstall | Tcheck | Ttotal | Status | Flags |
---|---|---|---|---|---|---|
r-devel-linux-x86_64-debian-clang | 1.1.0 | 7.61 | 53.55 | 61.16 | OK | |
r-devel-linux-x86_64-debian-gcc | 1.1.0 | 5.68 | 39.90 | 45.58 | OK | |
r-devel-linux-x86_64-fedora-clang | 1.1.0 | 84.17 | NOTE | |||
r-devel-linux-x86_64-fedora-gcc | 1.1.0 | 68.49 | NOTE | |||
r-devel-windows-ix86+x86_64 | 1.1.0 | 18.00 | 71.00 | 89.00 | OK | |
r-devel-windows-x86_64-gcc10-UCRT | 1.1.0 | NOTE | ||||
r-patched-linux-x86_64 | 1.1.0 | 6.32 | 49.30 | 55.62 | OK | |
r-patched-solaris-x86 | 1.1.0 | 105.10 | NOTE | |||
r-release-linux-x86_64 | 1.1.0 | 8.48 | 49.20 | 57.68 | OK | |
r-release-macos-x86_64 | 1.1.0 | NOTE | ||||
r-release-windows-ix86+x86_64 | 1.1.0 | 23.00 | 75.00 | 98.00 | OK | |
r-oldrel-macos-x86_64 | 1.1.0 | NOTE | ||||
r-oldrel-windows-ix86+x86_64 | 1.1.0 | 13.00 | 54.00 | 67.00 | OK |
Version: 1.1.0
Check: dependencies in R code
Result: NOTE
Namespaces in Imports field not imported from:
‘R6’ ‘scales’ ‘websocket’
All declared Imports should be used.
Flavors: r-devel-linux-x86_64-fedora-clang, r-devel-linux-x86_64-fedora-gcc, r-devel-windows-x86_64-gcc10-UCRT, r-patched-solaris-x86, r-release-macos-x86_64, r-oldrel-macos-x86_64