Last updated on 2023-02-07 23:08:01 CET.
Flavor | Version | Tinstall | Tcheck | Ttotal | Status | Flags |
---|---|---|---|---|---|---|
r-devel-linux-x86_64-debian-clang | 0.1.0 | 18.09 | 161.06 | 179.15 | OK | |
r-devel-linux-x86_64-debian-gcc | 0.1.0 | 14.06 | 117.30 | 131.36 | OK | |
r-devel-linux-x86_64-fedora-clang | 0.1.0 | 227.90 | NOTE | |||
r-devel-linux-x86_64-fedora-gcc | 0.1.0 | 212.05 | OK | |||
r-devel-windows-x86_64 | 0.1.0 | 222.00 | 184.00 | 406.00 | OK | |
r-patched-linux-x86_64 | 0.1.0 | 20.66 | 154.11 | 174.77 | OK | |
r-release-linux-x86_64 | 0.1.0 | 16.79 | 150.52 | 167.31 | OK | |
r-release-macos-arm64 | 0.1.0 | 75.00 | OK | |||
r-release-macos-x86_64 | 0.1.0 | 108.00 | OK | |||
r-release-windows-x86_64 | 0.1.0 | 168.00 | 198.00 | 366.00 | OK | |
r-oldrel-macos-arm64 | 0.1.0 | 65.00 | OK | |||
r-oldrel-macos-x86_64 | 0.1.0 | 83.00 | OK | |||
r-oldrel-windows-ix86+x86_64 | 0.1.0 | 44.00 | 187.00 | 231.00 | OK |
Version: 0.1.0
Check: Rd cross-references
Result: NOTE
Undeclared package ‘finetune’ in Rd xrefs
Flavor: r-devel-linux-x86_64-fedora-clang