Last updated on 2024-04-24 23:00:35 CEST.
Flavor | Version | Tinstall | Tcheck | Ttotal | Status | Flags |
---|---|---|---|---|---|---|
r-devel-linux-x86_64-debian-clang | 0.0.1 | 4.71 | 45.91 | 50.62 | NOTE | |
r-devel-linux-x86_64-debian-gcc | 0.0.1 | 5.01 | 35.08 | 40.09 | NOTE | |
r-devel-linux-x86_64-fedora-clang | 0.0.1 | 66.03 | NOTE | |||
r-devel-linux-x86_64-fedora-gcc | 0.0.1 | 74.16 | NOTE | |||
r-devel-windows-x86_64 | 0.0.1 | 6.00 | 56.00 | 62.00 | NOTE | |
r-patched-linux-x86_64 | 0.0.1 | 6.68 | 44.42 | 51.10 | NOTE | |
r-release-linux-x86_64 | 0.0.1 | 5.67 | 43.25 | 48.92 | NOTE | |
r-release-macos-arm64 | 0.0.1 | 28.00 | NOTE | |||
r-release-windows-x86_64 | 0.0.1 | 7.00 | 57.00 | 64.00 | NOTE | |
r-oldrel-macos-arm64 | 0.0.1 | 21.00 | NOTE | |||
r-oldrel-macos-x86_64 | 0.0.1 | 44.00 | NOTE | |||
r-oldrel-windows-x86_64 | 0.0.1 | 7.00 | 60.00 | 67.00 | NOTE |
Version: 0.0.1
Check: Rd files
Result: NOTE
checkRd: (-1) addValidationSuffix.Rd:13: Lost braces; missing escapes or markup?
13 | A string `"{tagId}-shinyreforms-validation"`.
| ^
Flavors: r-devel-linux-x86_64-debian-clang, r-devel-linux-x86_64-debian-gcc, r-devel-linux-x86_64-fedora-clang, r-devel-linux-x86_64-fedora-gcc, r-devel-windows-x86_64, r-patched-linux-x86_64, r-release-windows-x86_64
Version: 0.0.1
Check: LazyData
Result: NOTE
'LazyData' is specified without a 'data' directory
Flavors: r-devel-linux-x86_64-debian-clang, r-devel-linux-x86_64-debian-gcc, r-devel-linux-x86_64-fedora-clang, r-devel-linux-x86_64-fedora-gcc, r-devel-windows-x86_64, r-patched-linux-x86_64, r-release-linux-x86_64, r-release-macos-arm64, r-release-windows-x86_64, r-oldrel-macos-arm64, r-oldrel-macos-x86_64, r-oldrel-windows-x86_64