CRAN Package Check Results for Package shrink

Last updated on 2024-06-13 22:49:45 CEST.

Flavor Version Tinstall Tcheck Ttotal Status Flags
r-devel-linux-x86_64-debian-clang 1.2.3 15.91 150.11 166.02 OK
r-devel-linux-x86_64-debian-gcc 1.2.3 0.39 1.87 2.26 ERROR
r-devel-linux-x86_64-fedora-clang 1.2.3 209.83 OK
r-devel-linux-x86_64-fedora-gcc 1.2.3 211.40 OK
r-devel-windows-x86_64 1.2.3 12.00 130.00 142.00 OK
r-patched-linux-x86_64 1.2.3 9.03 146.11 155.14 OK
r-release-linux-x86_64 1.2.3 8.98 146.98 155.96 OK
r-release-macos-arm64 1.2.3 65.00 OK
r-release-macos-x86_64 1.2.3 94.00 OK
r-release-windows-x86_64 1.2.3 13.00 135.00 148.00 OK
r-oldrel-macos-arm64 1.2.3 75.00 OK
r-oldrel-macos-x86_64 1.2.3 174.00 OK
r-oldrel-windows-x86_64 1.2.3 16.00 156.00 172.00 OK

Check Details

Version: 1.2.3
Check: package dependencies
Result: ERROR Package required but not available: ‘rms’ See section ‘The DESCRIPTION file’ in the ‘Writing R Extensions’ manual. Flavor: r-devel-linux-x86_64-debian-gcc