Last updated on 2024-04-25 22:49:22 CEST.
Flavor | Version | Tinstall | Tcheck | Ttotal | Status | Flags |
---|---|---|---|---|---|---|
r-devel-linux-x86_64-debian-clang | 0.0-6 | 2.44 | 24.58 | 27.02 | NOTE | |
r-devel-linux-x86_64-debian-gcc | 0.0-6 | 1.90 | 19.31 | 21.21 | NOTE | |
r-devel-linux-x86_64-fedora-clang | 0.0-6 | 34.83 | NOTE | |||
r-devel-linux-x86_64-fedora-gcc | 0.0-6 | 32.95 | NOTE | |||
r-devel-windows-x86_64 | 0.0-6 | 4.00 | 41.00 | 45.00 | NOTE | |
r-patched-linux-x86_64 | 0.0-6 | 2.17 | 23.93 | 26.10 | NOTE | |
r-release-linux-x86_64 | 0.0-6 | 2.52 | 23.95 | 26.47 | OK | |
r-release-macos-arm64 | 0.0-6 | 15.00 | NOTE | |||
r-release-windows-x86_64 | 0.0-6 | 3.00 | 42.00 | 45.00 | NOTE | |
r-oldrel-macos-arm64 | 0.0-6 | 16.00 | OK | |||
r-oldrel-macos-x86_64 | 0.0-6 | 21.00 | OK | |||
r-oldrel-windows-x86_64 | 0.0-6 | 3.00 | 43.00 | 46.00 | OK |
Version: 0.0-6
Check: Rd files
Result: NOTE
checkRd: (-1) sig.Rd:35: Lost braces in \itemize; \value handles \item{}{} directly
checkRd: (-1) sig.Rd:36: Lost braces in \itemize; \value handles \item{}{} directly
checkRd: (-1) sig_report.Rd:41: Lost braces in \itemize; \value handles \item{}{} directly
checkRd: (-1) sig_report.Rd:42: Lost braces in \itemize; \value handles \item{}{} directly
checkRd: (-1) sig_report.Rd:43: Lost braces in \itemize; \value handles \item{}{} directly
checkRd: (-1) sig_report.Rd:44: Lost braces in \itemize; \value handles \item{}{} directly
checkRd: (-1) sig_report.Rd:45-46: Lost braces in \itemize; \value handles \item{}{} directly
checkRd: (-1) sig_report.Rd:47: Lost braces in \itemize; \value handles \item{}{} directly
checkRd: (-1) sig_report.Rd:48: Lost braces in \itemize; \value handles \item{}{} directly
checkRd: (-1) sig_report.Rd:49-50: Lost braces in \itemize; \value handles \item{}{} directly
Flavors: r-devel-linux-x86_64-debian-clang, r-devel-linux-x86_64-debian-gcc, r-devel-linux-x86_64-fedora-clang, r-devel-linux-x86_64-fedora-gcc, r-devel-windows-x86_64, r-patched-linux-x86_64, r-release-macos-arm64, r-release-windows-x86_64