CRAN Package Check Results for Package sigmaNet

Last updated on 2019-06-17 22:52:15 CEST.

Flavor Version Tinstall Tcheck Ttotal Status Flags
r-devel-linux-x86_64-debian-clang 1.1.0 2.18 28.43 30.61 OK
r-devel-linux-x86_64-debian-gcc 1.1.0 1.87 23.13 25.00 OK
r-devel-linux-x86_64-fedora-clang 1.1.0 37.65 OK
r-devel-linux-x86_64-fedora-gcc 1.1.0 35.83 OK
r-devel-windows-ix86+x86_64 1.1.0 8.00 62.00 70.00 OK
r-patched-linux-x86_64 1.1.0 2.45 28.88 31.33 OK
r-patched-solaris-x86 1.1.0 59.00 WARN
r-release-linux-x86_64 1.1.0 2.44 28.59 31.03 OK
r-release-windows-ix86+x86_64 1.1.0 6.00 63.00 69.00 OK
r-release-osx-x86_64 1.1.0 WARN
r-oldrel-windows-ix86+x86_64 1.1.0 3.00 61.00 64.00 OK
r-oldrel-osx-x86_64 1.1.0 WARN

Check Details

Version: 1.1.0
Check: re-building of vignette outputs
Result: WARN
    Error(s) in re-building vignettes:
     ...
    --- re-building ‘getting-started.Rmd’ using rmarkdown
    Warning in engine$weave(file, quiet = quiet, encoding = enc) :
     Pandoc (>= 1.12.3) and/or pandoc-citeproc not available. Falling back to R Markdown v1.
    Quitting from lines 89-90 (getting-started.Rmd)
    Error: processing vignette 'getting-started.Rmd' failed with diagnostics:
    there is no package called 'webshot'
    --- failed re-building ‘getting-started.Rmd’
    
    SUMMARY: processing the following file failed:
     ‘getting-started.Rmd’
    
    Error: Vignette re-building failed.
    Execution halted
Flavor: r-patched-solaris-x86

Version: 1.1.0
Check: re-building of vignette outputs
Result: WARN
    Error(s) in re-building vignettes:
     ...
    --- re-building ‘getting-started.Rmd’ using rmarkdown
    Warning in engine$weave(file, quiet = quiet, encoding = enc) :
     Pandoc (>= 1.12.3) and/or pandoc-citeproc not available. Falling back to R Markdown v1.
    Quitting from lines 89-90 (getting-started.Rmd)
    Error: processing vignette 'getting-started.Rmd' failed with diagnostics:
    cannot open the connection
    --- failed re-building ‘getting-started.Rmd’
    
    SUMMARY: processing the following file failed:
     ‘getting-started.Rmd’
    
    Error: Vignette re-building failed.
    Execution halted
Flavor: r-release-osx-x86_64

Version: 1.1.0
Check: re-building of vignette outputs
Result: WARN
    Error in re-building vignettes:
     ...
    Warning in engine$weave(file, quiet = quiet, encoding = enc) :
     Pandoc (>= 1.12.3) and/or pandoc-citeproc not available. Falling back to R Markdown v1.
    Quitting from lines 89-90 (getting-started.Rmd)
    Error: processing vignette 'getting-started.Rmd' failed with diagnostics:
    cannot open the connection
    Execution halted
Flavor: r-oldrel-osx-x86_64