CRAN Package Check Results for Package simecol

Last updated on 2017-11-22 22:57:54 CET.

Flavor Version Tinstall Tcheck Ttotal Status Flags
r-devel-linux-x86_64-debian-clang 0.8-10 2.30 54.77 57.08 OK
r-devel-linux-x86_64-debian-gcc 0.8-10 2.70 123.08 125.77 OK
r-devel-linux-x86_64-fedora-clang 0.8-10 99.24 OK
r-devel-linux-x86_64-fedora-gcc 0.8-10 146.73 OK
r-devel-windows-ix86+x86_64 0.8-10 10.00 141.00 151.00 OK
r-patched-linux-x86_64 0.8-10 2.40 56.77 59.16 OK
r-patched-solaris-x86 0.8-10 134.60 OK
r-release-linux-x86_64 0.8-10 2.36 54.57 56.94 OK
r-release-windows-ix86+x86_64 0.8-10 10.00 191.00 201.00 OK
r-release-osx-x86_64 0.8-10 NOTE
r-oldrel-windows-ix86+x86_64 0.8-10 9.00 182.00 191.00 OK
r-oldrel-osx-x86_64 0.8-10 OK

Check Details

Version: 0.8-10
Check: re-building of vignette outputs
Result: NOTE
    Error in re-building vignettes:
     ...
    Found more than one class "indbasedModel" in cache; using the first, from namespace 'simecol'
    Also defined by ‘.GlobalEnv’
    Found more than one class "indbasedModel" in cache; using the first, from namespace 'simecol'
    Also defined by ‘.GlobalEnv’
    Found more than one class "indbasedModel" in cache; using the first, from namespace 'simecol'
    Also defined by ‘.GlobalEnv’
    Loading required package: FME
    Loading required package: rootSolve
    Loading required package: coda
    Error in texi2dvi(file = file, pdf = TRUE, clean = clean, quiet = quiet, :
     Running 'texi2dvi' on 'b-simecol-howtos.tex' failed.
    LaTeX errors:
    ! LaTeX Error: File `a4wide.sty' not found.
    
    Type X to quit or <RETURN> to proceed,
    or enter new name. (Default extension: sty)
    
    ! Emergency stop.
    <read *>
    
    l.58 \RequirePackage
     [T1]{fontenc}^^M
    ! ==> Fatal error occurred, no output PDF file produced!
    Calls: buildVignettes -> texi2pdf -> texi2dvi
    Execution halted
Flavor: r-release-osx-x86_64