CRAN Package Check Results for Package simecol

Last updated on 2018-06-19 22:54:15 CEST.

Flavor Version Tinstall Tcheck Ttotal Status Flags
r-devel-linux-x86_64-debian-clang 0.8-12 5.38 80.82 86.20 OK
r-devel-linux-x86_64-debian-gcc 0.8-12 4.73 59.96 64.69 OK
r-devel-linux-x86_64-fedora-clang 0.8-12 104.05 OK
r-devel-linux-x86_64-fedora-gcc 0.8-12 98.67 OK
r-devel-windows-ix86+x86_64 0.8-12 18.00 179.00 197.00 OK
r-patched-linux-x86_64 0.8-12 5.96 79.27 85.23 OK
r-patched-solaris-x86 0.8-12 132.90 OK
r-release-linux-x86_64 0.8-12 5.82 77.38 83.20 OK
r-release-windows-ix86+x86_64 0.8-12 12.00 168.00 180.00 OK
r-release-osx-x86_64 0.8-12 OK
r-oldrel-windows-ix86+x86_64 0.8-12 10.00 163.00 173.00 OK
r-oldrel-osx-x86_64 0.8-10 NOTE

Check Details

Version: 0.8-10
Check: re-building of vignette outputs
Result: NOTE
    Error in re-building vignettes:
     ...
    Found more than one class "indbasedModel" in cache; using the first, from namespace 'simecol'
    Also defined by ‘.GlobalEnv’
    Found more than one class "indbasedModel" in cache; using the first, from namespace 'simecol'
    Also defined by ‘.GlobalEnv’
    Found more than one class "indbasedModel" in cache; using the first, from namespace 'simecol'
    Also defined by ‘.GlobalEnv’
    Loading required package: FME
    Loading required package: rootSolve
    Loading required package: coda
    Error in texi2dvi(file = file, pdf = TRUE, clean = clean, quiet = quiet, :
     Running 'texi2dvi' on 'b-simecol-howtos.tex' failed.
    LaTeX errors:
    ! LaTeX Error: File `a4wide.sty' not found.
    
    Type X to quit or <RETURN> to proceed,
    or enter new name. (Default extension: sty)
    
    ! Emergency stop.
    <read *>
    
    l.58 \RequirePackage
     [T1]{fontenc}^^M
    ! ==> Fatal error occurred, no output PDF file produced!
    Calls: buildVignettes -> texi2pdf -> texi2dvi
    Execution halted
Flavor: r-oldrel-osx-x86_64