CRAN Package Check Results for Package simecol

Last updated on 2018-02-24 22:47:48 CET.

Flavor Version Tinstall Tcheck Ttotal Status Flags
r-devel-linux-x86_64-debian-clang 0.8-10 5.81 83.02 88.83 OK
r-devel-linux-x86_64-debian-gcc 0.8-10 4.55 61.41 65.96 OK
r-devel-linux-x86_64-fedora-clang 0.8-10 106.99 OK
r-devel-linux-x86_64-fedora-gcc 0.8-10 101.42 OK
r-devel-windows-ix86+x86_64 0.8-10 23.00 171.00 194.00 OK
r-patched-linux-x86_64 0.8-10 3.70 82.41 86.11 OK
r-patched-solaris-x86 0.8-10 126.50 OK
r-release-linux-x86_64 0.8-10 3.63 82.43 86.06 OK
r-release-windows-ix86+x86_64 0.8-10 10.00 172.00 182.00 OK
r-release-osx-x86_64 0.8-10 NOTE
r-oldrel-windows-ix86+x86_64 0.8-10 10.00 167.00 177.00 OK
r-oldrel-osx-x86_64 0.8-10 OK

Check Details

Version: 0.8-10
Check: re-building of vignette outputs
Result: NOTE
    Error in re-building vignettes:
     ...
    Found more than one class "indbasedModel" in cache; using the first, from namespace 'simecol'
    Also defined by ‘.GlobalEnv’
    Found more than one class "indbasedModel" in cache; using the first, from namespace 'simecol'
    Also defined by ‘.GlobalEnv’
    Found more than one class "indbasedModel" in cache; using the first, from namespace 'simecol'
    Also defined by ‘.GlobalEnv’
    Loading required package: FME
    Loading required package: rootSolve
    Loading required package: coda
    Error in texi2dvi(file = file, pdf = TRUE, clean = clean, quiet = quiet, :
     Running 'texi2dvi' on 'b-simecol-howtos.tex' failed.
    LaTeX errors:
    ! LaTeX Error: File `a4wide.sty' not found.
    
    Type X to quit or <RETURN> to proceed,
    or enter new name. (Default extension: sty)
    
    ! Emergency stop.
    <read *>
    
    l.58 \RequirePackage
     [T1]{fontenc}^^M
    ! ==> Fatal error occurred, no output PDF file produced!
    Calls: buildVignettes -> texi2pdf -> texi2dvi
    Execution halted
Flavor: r-release-osx-x86_64