Last updated on 2023-12-02 21:40:10 CET.
Flavor | Version | Tinstall | Tcheck | Ttotal | Status | Flags |
---|---|---|---|---|---|---|
r-devel-linux-x86_64-debian-clang | 0.9.0.4 | 124.84 | 114.44 | 239.28 | OK | |
r-devel-linux-x86_64-debian-gcc | 0.9.0.4 | 86.86 | 87.42 | 174.28 | OK | |
r-devel-linux-x86_64-fedora-clang | 0.9.0.4 | 342.87 | NOTE | |||
r-devel-linux-x86_64-fedora-gcc | 0.9.0.4 | 320.27 | OK | |||
r-devel-windows-x86_64 | 0.9.0.4 | 102.00 | 133.00 | 235.00 | NOTE | |
r-patched-linux-x86_64 | 0.9.0.3 | 103.81 | 110.19 | 214.00 | OK | |
r-release-linux-x86_64 | 0.9.0.3 | 104.93 | 110.41 | 215.34 | OK | |
r-release-macos-arm64 | 0.9.0.4 | 76.00 | NOTE | |||
r-release-macos-x86_64 | 0.9.0.3 | 149.00 | NOTE | |||
r-release-windows-x86_64 | 0.9.0.4 | 121.00 | 157.00 | 278.00 | NOTE | |
r-oldrel-macos-arm64 | 0.9.0.4 | 70.00 | NOTE | |||
r-oldrel-macos-x86_64 | 0.9.0.3 | 106.00 | NOTE | |||
r-oldrel-windows-x86_64 | 0.9.0.4 | 87.00 | 140.00 | 227.00 | NOTE |
Version: 0.9.0.4
Check: installed package size
Result: NOTE
installed size is 14.5Mb
sub-directories of 1Mb or more:
extdata 13.0Mb
Flavors: r-devel-linux-x86_64-fedora-clang, r-devel-windows-x86_64, r-release-macos-arm64, r-release-windows-x86_64, r-oldrel-macos-arm64, r-oldrel-windows-x86_64
Version: 0.9.0.3
Check: installed package size
Result: NOTE
installed size is 18.7Mb
sub-directories of 1Mb or more:
extdata 13.0Mb
libs 5.0Mb
Flavors: r-release-macos-x86_64, r-oldrel-macos-x86_64