CRAN Package Check Results for Package simfinapi

Last updated on 2021-04-16 22:51:13 CEST.

Flavor Version Tinstall Tcheck Ttotal Status Flags
r-devel-linux-x86_64-debian-clang 0.1.0 3.80 41.12 44.92 NOTE
r-devel-linux-x86_64-debian-gcc 0.1.0 2.91 31.23 34.14 NOTE
r-devel-linux-x86_64-fedora-clang 0.1.0 68.91 NOTE
r-devel-linux-x86_64-fedora-gcc 0.1.0 52.19 NOTE
r-devel-windows-ix86+x86_64 0.1.0 11.00 50.00 61.00 NOTE
r-devel-windows-x86_64-gcc10-UCRT 0.1.0 NOTE
r-patched-linux-x86_64 0.1.0 3.78 38.53 42.31 OK
r-release-linux-x86_64 0.1.0 3.97 38.24 42.21 OK
r-release-macos-x86_64 0.1.0 OK
r-release-windows-ix86+x86_64 0.1.0 18.00 63.00 81.00 OK
r-oldrel-macos-x86_64 0.1.0 ERROR
r-oldrel-windows-ix86+x86_64 0.1.0 0.00 6.00 6.00 ERROR

Check Details

Version: 0.1.0
Check: LazyData
Result: NOTE
     'LazyData' is specified without a 'data' directory
Flavors: r-devel-linux-x86_64-debian-clang, r-devel-linux-x86_64-debian-gcc, r-devel-linux-x86_64-fedora-clang, r-devel-linux-x86_64-fedora-gcc, r-devel-windows-ix86+x86_64, r-devel-windows-x86_64-gcc10-UCRT

Version: 0.1.0
Check: package dependencies
Result: ERROR
    Package required and available but unsuitable version: ‘RcppSimdJson’
    
    See section ‘The DESCRIPTION file’ in the ‘Writing R Extensions’
    manual.
Flavor: r-oldrel-macos-x86_64

Version: 0.1.0
Check: package dependencies
Result: ERROR
    Package required but not available: 'RcppSimdJson'
    
    See section 'The DESCRIPTION file' in the 'Writing R Extensions'
    manual.
Flavor: r-oldrel-windows-ix86+x86_64