Last updated on 2023-11-28 23:04:50 CET.
Flavor | Version | Tinstall | Tcheck | Ttotal | Status | Flags |
---|---|---|---|---|---|---|
r-devel-linux-x86_64-debian-clang | 0.3.0 | 9.67 | 81.56 | 91.23 | NOTE | |
r-devel-linux-x86_64-debian-gcc | 0.3.0 | 7.45 | 61.48 | 68.93 | NOTE | |
r-devel-linux-x86_64-fedora-clang | 0.3.0 | 116.41 | NOTE | |||
r-devel-linux-x86_64-fedora-gcc | 0.3.0 | 120.67 | NOTE | |||
r-devel-windows-x86_64 | 0.3.0 | 9.00 | 85.00 | 94.00 | NOTE | |
r-patched-linux-x86_64 | 0.3.0 | 8.31 | 77.92 | 86.23 | OK | |
r-release-linux-x86_64 | 0.3.0 | 5.65 | 79.19 | 84.84 | OK | |
r-release-macos-arm64 | 0.3.0 | 39.00 | OK | |||
r-release-macos-x86_64 | 0.3.0 | 55.00 | OK | |||
r-release-windows-x86_64 | 0.3.0 | 11.00 | 99.00 | 110.00 | OK | |
r-oldrel-macos-arm64 | 0.3.0 | 42.00 | OK | |||
r-oldrel-macos-x86_64 | 0.3.0 | 46.00 | OK | |||
r-oldrel-windows-x86_64 | 0.3.0 | 12.00 | 93.00 | 105.00 | OK |
Version: 0.3.0
Check: Rd \usage sections
Result: NOTE
Documented arguments not in \usage in Rd file 'make_kernel_dist.Rd':
‘Umax’
Functions with \usage entries need to have the appropriate \alias
entries, and all their arguments documented.
The \usage entries must correspond to syntactically valid R code.
See chapter ‘Writing R documentation files’ in the ‘Writing R
Extensions’ manual.
Flavors: r-devel-linux-x86_64-debian-clang, r-devel-linux-x86_64-debian-gcc, r-devel-linux-x86_64-fedora-clang, r-devel-linux-x86_64-fedora-gcc, r-devel-windows-x86_64