Last updated on 2024-03-28 23:01:58 CET.
Flavor | Version | Tinstall | Tcheck | Ttotal | Status | Flags |
---|---|---|---|---|---|---|
r-devel-linux-x86_64-debian-clang | 1.2.2 | 11.48 | 98.82 | 110.30 | OK | |
r-devel-linux-x86_64-debian-gcc | 1.2.2 | 8.64 | 72.94 | 81.58 | OK | |
r-devel-linux-x86_64-fedora-clang | 1.2.2 | 133.78 | NOTE | |||
r-devel-linux-x86_64-fedora-gcc | 1.2.2 | 141.04 | NOTE | |||
r-devel-windows-x86_64 | 1.2.2 | 10.00 | 90.00 | 100.00 | OK | |
r-patched-linux-x86_64 | 1.2.2 | 12.84 | 92.80 | 105.64 | OK | |
r-release-linux-x86_64 | 1.2.2 | 10.18 | 96.08 | 106.26 | OK | |
r-release-macos-arm64 | 1.2.2 | 48.00 | OK | |||
r-release-macos-x86_64 | 1.2.2 | 105.00 | OK | |||
r-release-windows-x86_64 | 1.2.2 | 14.00 | 106.00 | 120.00 | OK | |
r-oldrel-macos-arm64 | 1.2.2 | 45.00 | OK | |||
r-oldrel-windows-x86_64 | 1.2.2 | 14.00 | 109.00 | 123.00 | OK |
Version: 1.2.2
Check: dependencies in R code
Result: NOTE
Namespace in Imports field not imported from: ‘quadprog’
All declared Imports should be used.
Flavors: r-devel-linux-x86_64-fedora-clang, r-devel-linux-x86_64-fedora-gcc