Last updated on 2024-04-19 22:56:03 CEST.
Flavor | Version | Tinstall | Tcheck | Ttotal | Status | Flags |
---|---|---|---|---|---|---|
r-devel-linux-x86_64-debian-clang | 0.4.2 | 2.20 | 60.43 | 62.63 | NOTE | |
r-devel-linux-x86_64-debian-gcc | 0.4.2 | NOTE | ||||
r-devel-linux-x86_64-fedora-clang | 0.4.2 | 84.12 | NOTE | |||
r-devel-linux-x86_64-fedora-gcc | 0.4.2 | 91.52 | NOTE | |||
r-prerel-macos-arm64 | 0.4.2 | 48.00 | NOTE | |||
r-prerel-windows-x86_64 | 0.4.2 | 3.00 | 79.00 | 82.00 | ERROR | |
r-patched-linux-x86_64 | 0.4.2 | 2.03 | 58.83 | 60.86 | NOTE | |
r-release-linux-x86_64 | 0.4.2 | 2.13 | 56.65 | 58.78 | NOTE | |
r-release-macos-arm64 | 0.4.2 | 53.00 | NOTE | |||
r-release-macos-x86_64 | 0.4.2 | 68.00 | NOTE | |||
r-release-windows-x86_64 | 0.4.2 | 4.00 | 84.00 | 88.00 | NOTE | |
r-oldrel-macos-arm64 | 0.4.2 | 44.00 | OK | |||
r-oldrel-windows-x86_64 | 0.4.2 | 4.00 | 90.00 | 94.00 | OK |
Version: 0.4.2
Check: package subdirectories
Result: NOTE
Problems with news in ‘NEWS.md’:
Cannot extract version info from the following section titles:
simpleCache [0.0.1]
Flavors: r-devel-linux-x86_64-debian-clang, r-devel-linux-x86_64-debian-gcc, r-devel-linux-x86_64-fedora-clang, r-devel-linux-x86_64-fedora-gcc, r-prerel-macos-arm64, r-prerel-windows-x86_64, r-patched-linux-x86_64, r-release-linux-x86_64, r-release-macos-arm64, r-release-macos-x86_64, r-release-windows-x86_64
Version: 0.4.2
Check: tests
Result: ERROR
Running 'testthat.R' [8s]
Running the tests in 'tests/testthat.R' failed.
Complete output:
> library(testthat)
> library(simpleCache)
>
> test_check("simpleCache")
[ FAIL 1 | WARN 0 | SKIP 0 | PASS 66 ]
══ Failed tests ════════════════════════════════════════════════════════════════
── Failure ('test_cache_lifespan.R:18:3'): Direct lifespan specification is preferred to background option ──
`t0` not equal to file.info(fp)$ctime.
1/1 mismatches
[1] 2024-04-17 13:03:40.132 - 2024-04-17 13:03:40.116 == 0.0156 secs
[ FAIL 1 | WARN 0 | SKIP 0 | PASS 66 ]
Error: Test failures
Execution halted
Flavor: r-prerel-windows-x86_64