Last updated on 2024-04-23 22:55:37 CEST.
Flavor | Version | Tinstall | Tcheck | Ttotal | Status | Flags |
---|---|---|---|---|---|---|
r-devel-linux-x86_64-debian-clang | 1.0-12 | 6.49 | 90.55 | 97.04 | OK | |
r-devel-linux-x86_64-debian-gcc | 1.0-12 | 5.48 | 67.23 | 72.71 | OK | |
r-devel-linux-x86_64-fedora-clang | 1.0-12 | 125.10 | OK | |||
r-devel-linux-x86_64-fedora-gcc | 1.0-12 | 115.66 | OK | |||
r-prerel-macos-arm64 | 1.0-12 | 49.00 | NOTE | |||
r-prerel-windows-x86_64 | 1.0-12 | 6.00 | 102.00 | 108.00 | OK | |
r-patched-linux-x86_64 | 1.0-12 | 7.78 | 87.40 | 95.18 | OK | |
r-release-linux-x86_64 | 1.0-12 | 5.30 | 88.32 | 93.62 | OK | |
r-release-macos-arm64 | 1.0-12 | 66.00 | NOTE | |||
r-release-macos-x86_64 | 1.0-12 | 127.00 | NOTE | |||
r-release-windows-x86_64 | 1.0-12 | 8.00 | 127.00 | 135.00 | OK | |
r-oldrel-macos-arm64 | 1.0-12 | 64.00 | NOTE | |||
r-oldrel-windows-x86_64 | 1.0-12 | 10.00 | 132.00 | 142.00 | OK |
Version: 1.0-12
Check: package dependencies
Result: NOTE
Package suggested but not available for checking: ‘Rmpi’
Flavors: r-prerel-macos-arm64, r-release-macos-arm64, r-release-macos-x86_64, r-oldrel-macos-arm64
Version: 1.0-12
Check: Rd cross-references
Result: NOTE
Package unavailable to check Rd xrefs: ‘Rmpi’
Flavors: r-prerel-macos-arm64, r-release-macos-arm64, r-release-macos-x86_64, r-oldrel-macos-arm64