Last updated on 2023-06-07 22:02:55 CEST.
Flavor | Version | Tinstall | Tcheck | Ttotal | Status | Flags |
---|---|---|---|---|---|---|
r-devel-linux-x86_64-debian-clang | 1.0-12 | 5.23 | 91.14 | 96.37 | OK | |
r-devel-linux-x86_64-debian-gcc | 1.0-12 | 5.17 | 71.37 | 76.54 | OK | |
r-devel-linux-x86_64-fedora-clang | 1.0-12 | 123.24 | OK | |||
r-devel-linux-x86_64-fedora-gcc | 1.0-12 | 118.00 | OK | |||
r-devel-windows-x86_64 | 1.0-12 | 10.00 | 110.00 | 120.00 | OK | |
r-patched-linux-x86_64 | 1.0-12 | 7.87 | 88.74 | 96.61 | OK | |
r-release-linux-x86_64 | 1.0-12 | 5.45 | 90.80 | 96.25 | OK | |
r-release-macos-arm64 | 1.0-12 | 66.00 | NOTE | |||
r-release-macos-x86_64 | 1.0-11 | 91.00 | NOTE | |||
r-release-windows-x86_64 | 1.0-12 | 6.00 | 130.00 | 136.00 | OK | |
r-oldrel-macos-arm64 | 1.0-12 | 64.00 | NOTE | |||
r-oldrel-macos-x86_64 | 1.0-12 | 81.00 | NOTE | |||
r-oldrel-windows-x86_64 | 1.0-12 | 9.00 | 129.00 | 138.00 | OK |
Version: 1.0-12
Check: package dependencies
Result: NOTE
Package suggested but not available for checking: ‘Rmpi’
Flavors: r-release-macos-arm64, r-oldrel-macos-arm64, r-oldrel-macos-x86_64
Version: 1.0-12
Check: Rd cross-references
Result: NOTE
Package unavailable to check Rd xrefs: ‘Rmpi’
Flavors: r-release-macos-arm64, r-oldrel-macos-arm64, r-oldrel-macos-x86_64
Version: 1.0-11
Check: package dependencies
Result: NOTE
Package suggested but not available for checking: ‘Rmpi’
Flavor: r-release-macos-x86_64
Version: 1.0-11
Check: Rd cross-references
Result: NOTE
Package unavailable to check Rd xrefs: ‘Rmpi’
Flavor: r-release-macos-x86_64