CRAN Package Check Results for Package sindyr

Last updated on 2023-09-22 23:05:12 CEST.

Flavor Version Tinstall Tcheck Ttotal Status Flags
r-devel-linux-x86_64-debian-clang 0.2.3 3.56 40.64 44.20 OK
r-devel-linux-x86_64-debian-gcc 0.2.3 3.31 31.01 34.32 OK
r-devel-linux-x86_64-fedora-clang 0.2.3 54.98 NOTE
r-devel-linux-x86_64-fedora-gcc 0.2.3 54.75 NOTE
r-devel-windows-x86_64 0.2.3 7.00 54.00 61.00 OK
r-patched-linux-x86_64 0.2.3 3.73 39.48 43.21 OK
r-release-linux-x86_64 0.2.3 2.65 40.12 42.77 OK
r-release-macos-arm64 0.2.3 24.00 OK
r-release-macos-x86_64 0.2.3 30.00 OK
r-release-windows-x86_64 0.2.3 7.00 55.00 62.00 OK
r-oldrel-macos-arm64 0.2.3 18.00 NOTE
r-oldrel-macos-x86_64 0.2.3 38.00 NOTE
r-oldrel-windows-x86_64 0.2.3 7.00 62.00 69.00 OK

Check Details

Version: 0.2.3
Check: dependencies in R code
Result: NOTE
    Namespaces in Imports field not imported from:
     ‘crqa’ ‘plot3D’
     All declared Imports should be used.
Flavors: r-devel-linux-x86_64-fedora-clang, r-devel-linux-x86_64-fedora-gcc, r-oldrel-macos-arm64, r-oldrel-macos-x86_64