Last updated on 2024-04-23 22:55:37 CEST.
Flavor | Version | Tinstall | Tcheck | Ttotal | Status | Flags |
---|---|---|---|---|---|---|
r-devel-linux-x86_64-debian-clang | 0.2.3 | 4.35 | 40.81 | 45.16 | OK | |
r-devel-linux-x86_64-debian-gcc | 0.2.3 | 2.65 | 30.68 | 33.33 | OK | |
r-devel-linux-x86_64-fedora-clang | 0.2.3 | 58.13 | NOTE | |||
r-devel-linux-x86_64-fedora-gcc | 0.2.3 | 52.86 | NOTE | |||
r-prerel-macos-arm64 | 0.2.3 | 22.00 | OK | |||
r-prerel-windows-x86_64 | 0.2.3 | 5.00 | 51.00 | 56.00 | OK | |
r-patched-linux-x86_64 | 0.2.3 | 3.33 | 39.09 | 42.42 | OK | |
r-release-linux-x86_64 | 0.2.3 | 4.05 | 38.22 | 42.27 | OK | |
r-release-macos-arm64 | 0.2.3 | 24.00 | OK | |||
r-release-macos-x86_64 | 0.2.3 | 30.00 | OK | |||
r-release-windows-x86_64 | 0.2.3 | 6.00 | 54.00 | 60.00 | OK | |
r-oldrel-macos-arm64 | 0.2.3 | 18.00 | NOTE | |||
r-oldrel-windows-x86_64 | 0.2.3 | 5.00 | 63.00 | 68.00 | OK |
Version: 0.2.3
Check: dependencies in R code
Result: NOTE
Namespaces in Imports field not imported from:
‘crqa’ ‘plot3D’
All declared Imports should be used.
Flavors: r-devel-linux-x86_64-fedora-clang, r-devel-linux-x86_64-fedora-gcc, r-oldrel-macos-arm64