Last updated on 2023-06-10 23:06:05 CEST.
Flavor | Version | Tinstall | Tcheck | Ttotal | Status | Flags |
---|---|---|---|---|---|---|
r-devel-linux-x86_64-debian-clang | 0.0.1 | 3.56 | 71.12 | 74.68 | OK | |
r-devel-linux-x86_64-debian-gcc | 0.0.1 | 2.56 | 52.44 | 55.00 | OK | |
r-devel-linux-x86_64-fedora-clang | 0.0.1 | 91.20 | NOTE | |||
r-devel-linux-x86_64-fedora-gcc | 0.0.1 | 99.06 | NOTE | |||
r-devel-windows-x86_64 | 0.0.1 | 5.00 | 76.00 | 81.00 | OK | |
r-patched-linux-x86_64 | 0.0.1 | 2.76 | 67.06 | 69.82 | OK | |
r-release-linux-x86_64 | 0.0.1 | 2.04 | 66.48 | 68.52 | OK | |
r-release-macos-arm64 | 0.0.1 | 37.00 | OK | |||
r-release-macos-x86_64 | 0.0.1 | 58.00 | OK | |||
r-release-windows-x86_64 | 0.0.1 | 5.00 | 89.00 | 94.00 | OK | |
r-oldrel-macos-arm64 | 0.0.1 | 39.00 | NOTE | |||
r-oldrel-macos-x86_64 | 0.0.1 | 47.00 | NOTE | |||
r-oldrel-windows-x86_64 | 0.0.1 | 5.00 | 88.00 | 93.00 | OK |
Version: 0.0.1
Check: dependencies in R code
Result: NOTE
Namespace in Imports field not imported from: ‘data.table’
All declared Imports should be used.
Flavors: r-devel-linux-x86_64-fedora-clang, r-devel-linux-x86_64-fedora-gcc, r-oldrel-macos-arm64, r-oldrel-macos-x86_64