CRAN Package Check Results for Package skimr

Last updated on 2021-04-16 22:51:13 CEST.

Flavor Version Tinstall Tcheck Ttotal Status Flags
r-devel-linux-x86_64-debian-clang 2.1.3 5.70 83.03 88.73 NOTE
r-devel-linux-x86_64-debian-gcc 2.1.3 4.72 63.86 68.58 NOTE
r-devel-linux-x86_64-fedora-clang 2.1.3 116.54 NOTE
r-devel-linux-x86_64-fedora-gcc 2.1.3 116.95 NOTE
r-devel-windows-ix86+x86_64 2.1.3 16.00 85.00 101.00 NOTE
r-devel-windows-x86_64-gcc10-UCRT 2.1.3 NOTE
r-patched-linux-x86_64 2.1.3 6.28 81.36 87.64 OK
r-patched-solaris-x86 2.1.3 150.60 OK
r-release-linux-x86_64 2.1.3 6.18 81.31 87.49 OK
r-release-macos-x86_64 2.1.3 OK
r-release-windows-ix86+x86_64 2.1.3 32.00 117.00 149.00 OK
r-oldrel-macos-x86_64 2.1.3 OK
r-oldrel-windows-ix86+x86_64 2.1.3 9.00 83.00 92.00 OK

Check Details

Version: 2.1.3
Check: LazyData
Result: NOTE
     'LazyData' is specified without a 'data' directory
Flavors: r-devel-linux-x86_64-debian-clang, r-devel-linux-x86_64-debian-gcc, r-devel-linux-x86_64-fedora-clang, r-devel-linux-x86_64-fedora-gcc, r-devel-windows-ix86+x86_64, r-devel-windows-x86_64-gcc10-UCRT