CRAN Package Check Results for Package skmeans

Last updated on 2017-11-23 22:47:24 CET.

Flavor Version Tinstall Tcheck Ttotal Status Flags
r-devel-linux-x86_64-debian-clang 0.2-11 0.69 30.23 30.92 NOTE
r-devel-linux-x86_64-debian-gcc 0.2-11 0.78 48.32 49.10 NOTE
r-devel-linux-x86_64-fedora-clang 0.2-11 35.70 NOTE
r-devel-linux-x86_64-fedora-gcc 0.2-11 33.07 NOTE
r-devel-windows-ix86+x86_64 0.2-11 4.00 52.00 56.00 NOTE
r-patched-linux-x86_64 0.2-11 1.04 51.91 52.94 NOTE
r-patched-solaris-x86 0.2-11 53.30 NOTE
r-release-linux-x86_64 0.2-11 0.81 20.85 21.65 NOTE
r-release-windows-ix86+x86_64 0.2-11 4.00 55.00 59.00 NOTE
r-release-osx-x86_64 0.2-11 NOTE
r-oldrel-windows-ix86+x86_64 0.2-11 3.00 59.00 62.00 NOTE
r-oldrel-osx-x86_64 0.2-11 NOTE

Check Details

Version: 0.2-11
Check: package dependencies
Result: NOTE
    Package which this enhances but not available for checking: ‘kmndirs’
Flavors: r-devel-linux-x86_64-debian-clang, r-devel-linux-x86_64-debian-gcc, r-devel-linux-x86_64-fedora-clang, r-devel-linux-x86_64-fedora-gcc, r-devel-windows-ix86+x86_64, r-patched-linux-x86_64, r-patched-solaris-x86, r-release-linux-x86_64, r-release-windows-ix86+x86_64, r-release-osx-x86_64, r-oldrel-windows-ix86+x86_64, r-oldrel-osx-x86_64

Version: 0.2-11
Check: dependencies in R code
Result: NOTE
    Unavailable namespace imported from by a ':::' call: ‘kmndirs’
     See the note in ?`:::` about the use of this operator.
Flavors: r-devel-linux-x86_64-debian-clang, r-devel-linux-x86_64-debian-gcc, r-devel-linux-x86_64-fedora-clang, r-devel-linux-x86_64-fedora-gcc, r-devel-windows-ix86+x86_64, r-patched-linux-x86_64, r-patched-solaris-x86, r-release-linux-x86_64, r-release-windows-ix86+x86_64, r-release-osx-x86_64, r-oldrel-windows-ix86+x86_64, r-oldrel-osx-x86_64