Last updated on 2024-04-18 22:53:00 CEST.
Flavor | Version | Tinstall | Tcheck | Ttotal | Status | Flags |
---|---|---|---|---|---|---|
r-devel-linux-x86_64-debian-clang | 1.4.3 | 13.72 | 113.35 | 127.07 | OK | |
r-devel-linux-x86_64-debian-gcc | 1.4.3 | 8.70 | 83.47 | 92.17 | OK | |
r-devel-linux-x86_64-fedora-clang | 1.4.3 | 165.53 | NOTE | |||
r-devel-linux-x86_64-fedora-gcc | 1.4.3 | 159.43 | NOTE | |||
r-prerel-macos-arm64 | 1.4.3 | 47.00 | OK | |||
r-prerel-windows-x86_64 | 1.4.3 | 13.00 | 105.00 | 118.00 | OK | |
r-patched-linux-x86_64 | 1.4.3 | 10.21 | 112.43 | 122.64 | OK | |
r-release-linux-x86_64 | 1.4.3 | 6.83 | 110.51 | 117.34 | OK | |
r-release-macos-arm64 | 1.4.3 | 51.00 | OK | |||
r-release-macos-x86_64 | 1.4.3 | 81.00 | OK | |||
r-release-windows-x86_64 | 1.4.3 | 15.00 | 124.00 | 139.00 | OK | |
r-oldrel-macos-arm64 | 1.4.3 | 41.00 | NOTE | |||
r-oldrel-windows-x86_64 | 1.4.3 | 16.00 | 126.00 | 142.00 | OK |
Version: 1.4.3
Check: dependencies in R code
Result: NOTE
Namespace in Imports field not imported from: ‘maps’
All declared Imports should be used.
Flavors: r-devel-linux-x86_64-fedora-clang, r-devel-linux-x86_64-fedora-gcc, r-oldrel-macos-arm64