Last updated on 2024-04-18 22:53:00 CEST.
Flavor | Version | Tinstall | Tcheck | Ttotal | Status | Flags |
---|---|---|---|---|---|---|
r-devel-linux-x86_64-debian-clang | 0.1.0 | 5.85 | 81.53 | 87.38 | NOTE | |
r-devel-linux-x86_64-debian-gcc | 0.1.0 | 5.96 | 60.38 | 66.34 | NOTE | |
r-devel-linux-x86_64-fedora-clang | 0.1.0 | 117.49 | NOTE | |||
r-devel-linux-x86_64-fedora-gcc | 0.1.0 | 109.72 | NOTE | |||
r-prerel-macos-arm64 | 0.1.0 | 34.00 | NOTE | |||
r-prerel-windows-x86_64 | 0.1.0 | 7.00 | 74.00 | 81.00 | NOTE | |
r-patched-linux-x86_64 | 0.1.0 | 8.92 | 73.53 | 82.45 | NOTE | |
r-release-linux-x86_64 | 0.1.0 | 6.88 | 78.11 | 84.99 | NOTE | |
r-release-macos-arm64 | 0.1.0 | 37.00 | NOTE | |||
r-release-macos-x86_64 | 0.1.0 | 59.00 | NOTE | |||
r-release-windows-x86_64 | 0.1.0 | 10.00 | 88.00 | 98.00 | NOTE | |
r-oldrel-macos-arm64 | 0.1.0 | 35.00 | OK | |||
r-oldrel-windows-x86_64 | 0.1.0 | 11.00 | 93.00 | 104.00 | OK |
Version: 0.1.0
Check: package subdirectories
Result: NOTE
Problems with news in ‘NEWS.md’:
No news entries found.
Flavors: r-devel-linux-x86_64-debian-clang, r-devel-linux-x86_64-debian-gcc, r-devel-linux-x86_64-fedora-clang, r-devel-linux-x86_64-fedora-gcc, r-prerel-macos-arm64, r-prerel-windows-x86_64, r-patched-linux-x86_64, r-release-linux-x86_64, r-release-macos-arm64, r-release-macos-x86_64, r-release-windows-x86_64