CRAN Package Check Results for Package slippymath

Last updated on 2023-02-04 22:55:03 CET.

Flavor Version Tinstall Tcheck Ttotal Status Flags
r-devel-linux-x86_64-debian-clang 0.3.1 2.45 57.00 59.45 NOTE
r-devel-linux-x86_64-debian-gcc 0.3.1 1.72 42.55 44.27 NOTE
r-devel-linux-x86_64-fedora-clang 0.3.1 71.50 NOTE
r-devel-linux-x86_64-fedora-gcc 0.3.1 84.77 NOTE
r-devel-windows-x86_64 0.3.1 26.00 95.00 121.00 NOTE
r-patched-linux-x86_64 0.3.1 1.83 55.14 56.97 NOTE
r-release-linux-x86_64 0.3.1 2.55 54.52 57.07 NOTE
r-release-macos-arm64 0.3.1 25.00 NOTE
r-release-macos-x86_64 0.3.1 37.00 NOTE
r-release-windows-x86_64 0.3.1 13.00 97.00 110.00 NOTE
r-oldrel-macos-arm64 0.3.1 28.00 NOTE
r-oldrel-macos-x86_64 0.3.1 37.00 NOTE
r-oldrel-windows-ix86+x86_64 0.3.1 7.00 82.00 89.00 NOTE

Check Details

Version: 0.3.1
Check: LazyData
Result: NOTE
     'LazyData' is specified without a 'data' directory
Flavors: r-devel-linux-x86_64-debian-clang, r-devel-linux-x86_64-debian-gcc, r-devel-linux-x86_64-fedora-clang, r-devel-linux-x86_64-fedora-gcc, r-devel-windows-x86_64, r-patched-linux-x86_64, r-release-linux-x86_64, r-release-macos-arm64, r-release-macos-x86_64, r-release-windows-x86_64, r-oldrel-macos-arm64, r-oldrel-macos-x86_64, r-oldrel-windows-ix86+x86_64