CRAN Package Check Results for Package smcfcs

Last updated on 2024-02-24 21:40:34 CET.

Flavor Version Tinstall Tcheck Ttotal Status Flags
r-devel-linux-x86_64-debian-clang 1.7.1 11.84 147.57 159.41 OK
r-devel-linux-x86_64-debian-gcc 1.7.1 8.87 106.65 115.52 OK
r-devel-linux-x86_64-fedora-clang 1.7.1 192.52 NOTE
r-devel-linux-x86_64-fedora-gcc 1.7.1 201.81 OK
r-devel-windows-x86_64 1.7.1 9.00 117.00 126.00 OK
r-patched-linux-x86_64 1.7.1 7.86 141.90 149.76 OK
r-release-linux-x86_64 1.7.1 9.04 143.03 152.07 OK
r-release-macos-arm64 1.7.1 70.00 OK
r-release-macos-x86_64 1.7.1 107.00 OK
r-release-windows-x86_64 1.7.1 12.00 143.00 155.00 OK
r-oldrel-macos-arm64 1.7.1 57.00 OK
r-oldrel-windows-x86_64 1.7.1 13.00 152.00 165.00 OK

Check Details

Version: 1.7.1
Check: Rd cross-references
Result: NOTE Undeclared package ‘mice’ in Rd xrefs Flavor: r-devel-linux-x86_64-fedora-clang