CRAN Package Check Results for Package smfsb

Last updated on 2017-12-15 22:48:09 CET.

Flavor Version Tinstall Tcheck Ttotal Status Flags
r-devel-linux-x86_64-debian-clang 1.1 1.36 56.61 57.97 NOTE
r-devel-linux-x86_64-debian-gcc 1.1 1.11 43.85 44.96 NOTE
r-devel-linux-x86_64-fedora-clang 1.1 64.38 NOTE
r-devel-linux-x86_64-fedora-gcc 1.1 63.02 NOTE
r-devel-windows-ix86+x86_64 1.1 11.00 94.00 105.00 NOTE
r-patched-linux-x86_64 1.1 1.40 54.22 55.62 NOTE
r-patched-solaris-x86 1.1 85.50 NOTE
r-release-linux-x86_64 1.1 1.66 52.71 54.37 NOTE
r-release-windows-ix86+x86_64 1.1 6.00 105.00 111.00 NOTE
r-release-osx-x86_64 1.1 NOTE
r-oldrel-windows-ix86+x86_64 1.1 5.00 99.00 104.00 NOTE
r-oldrel-osx-x86_64 1.1 NOTE

Check Details

Version: 1.1
Check: R code for possible problems
Result: NOTE
    StepCLE : <anonymous>: no visible global function definition for
     ‘rnorm’
    StepFRM : <anonymous>: no visible global function definition for ‘rexp’
    StepGillespie : <anonymous>: no visible global function definition for
     ‘rexp’
    StepPTS : <anonymous>: no visible global function definition for
     ‘rpois’
    StepSDE : <anonymous>: no visible global function definition for
     ‘rnorm’
    as.timedData: no visible global function definition for ‘time’
    discretise: no visible global function definition for ‘ts’
    gillespie: no visible global function definition for ‘rexp’
    gillespied: no visible global function definition for ‘rexp’
    gillespied: no visible global function definition for ‘ts’
    imdeath: no visible global function definition for ‘rexp’
    imdeath: no visible global function definition for ‘runif’
    imdeath: no visible global function definition for ‘stepfun’
    mcmcSummary: no visible binding for global variable ‘sd’
    mcmcSummary: no visible global function definition for ‘par’
    mcmcSummary: no visible global function definition for ‘ts’
    mcmcSummary: no visible global function definition for ‘acf’
    mcmcSummary: no visible global function definition for ‘hist’
    metrop: no visible global function definition for ‘runif’
    metrop: no visible global function definition for ‘dnorm’
    normgibbs: no visible global function definition for ‘rnorm’
    normgibbs: no visible global function definition for ‘rgamma’
    rcfmc: no visible global function definition for ‘rexp’
    rcfmc: no visible global function definition for ‘stepfun’
    rdiff: no visible global function definition for ‘rnorm’
    rdiff: no visible global function definition for ‘ts’
    rfmc: no visible global function definition for ‘ts’
    simTs: no visible global function definition for ‘ts’
    simpleEuler: no visible global function definition for ‘ts’
    Undefined global functions or variables:
     acf dnorm hist par rexp rgamma rnorm rpois runif sd stepfun time ts
    Consider adding
     importFrom("graphics", "hist", "par")
     importFrom("stats", "acf", "dnorm", "rexp", "rgamma", "rnorm", "rpois",
     "runif", "sd", "stepfun", "time", "ts")
    to your NAMESPACE file.
Flavors: r-devel-linux-x86_64-debian-clang, r-devel-linux-x86_64-debian-gcc, r-devel-linux-x86_64-fedora-clang, r-devel-linux-x86_64-fedora-gcc, r-devel-windows-ix86+x86_64, r-patched-linux-x86_64, r-patched-solaris-x86, r-release-linux-x86_64, r-release-windows-ix86+x86_64, r-release-osx-x86_64, r-oldrel-windows-ix86+x86_64, r-oldrel-osx-x86_64

Version: 1.1
Check: compiled code
Result: NOTE
    File ‘smfsb/libs/smfsb.so’:
     Found no calls to: ‘R_registerRoutines’, ‘R_useDynamicSymbols’
    
    It is good practice to register native routines and to disable symbol
    search.
    
    See ‘Writing portable packages’ in the ‘Writing R Extensions’ manual.
Flavors: r-devel-linux-x86_64-debian-clang, r-devel-linux-x86_64-debian-gcc, r-devel-linux-x86_64-fedora-clang, r-devel-linux-x86_64-fedora-gcc, r-patched-linux-x86_64, r-release-linux-x86_64