Last updated on 2023-09-23 23:00:58 CEST.
Flavor | Version | Tinstall | Tcheck | Ttotal | Status | Flags |
---|---|---|---|---|---|---|
r-devel-linux-x86_64-debian-clang | 2.0.0 | 4.19 | 34.86 | 39.05 | NOTE | |
r-devel-linux-x86_64-debian-gcc | 2.0.0 | 3.44 | 27.17 | 30.61 | NOTE | |
r-devel-linux-x86_64-fedora-clang | 2.0.0 | 51.46 | NOTE | |||
r-devel-linux-x86_64-fedora-gcc | 2.0.0 | 50.54 | NOTE | |||
r-devel-windows-x86_64 | 2.0.0 | 6.00 | 56.00 | 62.00 | NOTE | |
r-patched-linux-x86_64 | 2.0.0 | 6.39 | 33.23 | 39.62 | OK | |
r-release-linux-x86_64 | 2.0.0 | 6.25 | 34.42 | 40.67 | OK | |
r-release-macos-arm64 | 2.0.0 | 22.00 | OK | |||
r-release-macos-x86_64 | 2.0.0 | 27.00 | OK | |||
r-release-windows-x86_64 | 2.0.0 | 8.00 | 56.00 | 64.00 | OK | |
r-oldrel-macos-arm64 | 2.0.0 | 22.00 | OK | |||
r-oldrel-macos-x86_64 | 2.0.0 | 29.00 | OK | |||
r-oldrel-windows-x86_64 | 2.0.0 | 8.00 | 61.00 | 69.00 | OK |
Version: 2.0.0
Check: Rd contents
Result: NOTE
Auto-generated content requiring editing in Rd object 'smoke-package':
\details: ‘...the package, including the most important ~~ ~~ functions ~~’
Flavors: r-devel-linux-x86_64-debian-clang, r-devel-linux-x86_64-debian-gcc, r-devel-linux-x86_64-fedora-clang, r-devel-linux-x86_64-fedora-gcc, r-devel-windows-x86_64