Last updated on 2023-06-09 22:58:40 CEST.
Flavor | Version | Tinstall | Tcheck | Ttotal | Status | Flags |
---|---|---|---|---|---|---|
r-devel-linux-x86_64-debian-clang | 1.1.3 | 64.82 | 84.18 | 149.00 | NOTE | |
r-devel-linux-x86_64-debian-gcc | 1.1.3 | 46.57 | 62.71 | 109.28 | NOTE | |
r-devel-linux-x86_64-fedora-clang | 1.1.3 | 209.25 | NOTE | |||
r-devel-linux-x86_64-fedora-gcc | 1.1.3 | 194.94 | NOTE | |||
r-devel-windows-x86_64 | 1.1.3 | 49.00 | 135.00 | 184.00 | NOTE | |
r-patched-linux-x86_64 | 1.1.3 | 56.09 | 81.70 | 137.79 | NOTE | |
r-release-linux-x86_64 | 1.1.3 | 50.53 | 80.08 | 130.61 | NOTE | |
r-release-macos-arm64 | 1.1.3 | 60.00 | NOTE | |||
r-release-macos-x86_64 | 1.1.3 | 98.00 | NOTE | |||
r-release-windows-x86_64 | 1.1.3 | 64.00 | 144.00 | 208.00 | NOTE | |
r-oldrel-macos-arm64 | 1.1.3 | 54.00 | OK | |||
r-oldrel-macos-x86_64 | 1.1.3 | 71.00 | OK | |||
r-oldrel-windows-x86_64 | 1.1.3 | 62.00 | 132.00 | 194.00 | OK |
Version: 1.1.3
Check: C++ specification
Result: NOTE
Specified C++11: please drop specification unless essential
Flavors: r-devel-linux-x86_64-debian-clang, r-devel-linux-x86_64-debian-gcc, r-devel-linux-x86_64-fedora-clang, r-devel-linux-x86_64-fedora-gcc, r-devel-windows-x86_64, r-patched-linux-x86_64, r-release-linux-x86_64, r-release-macos-arm64, r-release-macos-x86_64, r-release-windows-x86_64