CRAN Package Check Results for Package sna

Last updated on 2017-11-19 22:49:51.

Flavor Version Tinstall Tcheck Ttotal Status Flags
r-devel-linux-x86_64-debian-clang 2.4 6.30 73.76 80.06 NOTE
r-devel-linux-x86_64-debian-gcc 2.4 8.85 123.65 132.50 NOTE
r-devel-linux-x86_64-fedora-clang 2.4 148.74 NOTE
r-devel-linux-x86_64-fedora-gcc 2.4 149.77 NOTE
r-devel-windows-ix86+x86_64 2.4 42.00 162.00 204.00 OK
r-patched-linux-x86_64 2.4 6.52 71.97 78.49 NOTE
r-patched-solaris-x86 2.4 172.00 OK
r-release-linux-x86_64 2.4 6.42 71.79 78.22 NOTE
r-release-windows-ix86+x86_64 2.4 28.00 195.00 223.00 OK
r-release-osx-x86_64 2.4 OK
r-oldrel-windows-ix86+x86_64 2.4 27.00 187.00 214.00 OK
r-oldrel-osx-x86_64 2.4 OK

Check Details

Version: 2.4
Check: compiled code
Result: NOTE
    File ‘sna/libs/sna.so’:
     Found no calls to: ‘R_registerRoutines’, ‘R_useDynamicSymbols’
    
    It is good practice to register native routines and to disable symbol
    search.
    
    See ‘Writing portable packages’ in the ‘Writing R Extensions’ manual.
Flavors: r-devel-linux-x86_64-debian-clang, r-devel-linux-x86_64-debian-gcc, r-devel-linux-x86_64-fedora-clang, r-devel-linux-x86_64-fedora-gcc, r-patched-linux-x86_64, r-release-linux-x86_64