CRAN Package Check Results for Package sna

Last updated on 2018-04-21 22:48:39 CEST.

Flavor Version Tinstall Tcheck Ttotal Status Flags
r-devel-linux-x86_64-debian-clang 2.4 21.64 109.41 131.05 NOTE
r-devel-linux-x86_64-debian-gcc 2.4 19.06 81.83 100.89 NOTE
r-devel-linux-x86_64-fedora-clang 2.4 160.90 NOTE
r-devel-linux-x86_64-fedora-gcc 2.4 152.82 NOTE
r-devel-windows-ix86+x86_64 2.4 56.00 189.00 245.00 OK
r-devel-osx-x86_64 2.4 OK
r-patched-linux-x86_64 2.4 21.77 107.23 129.00 NOTE
r-patched-solaris-x86 2.4 201.00 OK
r-release-linux-x86_64 2.4 10.07 116.76 126.83 NOTE
r-release-windows-ix86+x86_64 2.4 37.00 152.00 189.00 OK
r-release-osx-x86_64 2.4 OK
r-oldrel-windows-ix86+x86_64 2.4 38.00 144.00 182.00 OK

Check Details

Version: 2.4
Check: compiled code
Result: NOTE
    File ‘sna/libs/sna.so’:
     Found no calls to: ‘R_registerRoutines’, ‘R_useDynamicSymbols’
    
    It is good practice to register native routines and to disable symbol
    search.
    
    See ‘Writing portable packages’ in the ‘Writing R Extensions’ manual.
Flavors: r-devel-linux-x86_64-debian-clang, r-devel-linux-x86_64-debian-gcc, r-devel-linux-x86_64-fedora-clang, r-devel-linux-x86_64-fedora-gcc, r-patched-linux-x86_64, r-release-linux-x86_64