CRAN Package Check Results for Package snakecase

Last updated on 2019-12-11 22:51:24 CET.

Flavor Version Tinstall Tcheck Ttotal Status Flags
r-devel-linux-x86_64-debian-clang 0.11.0 2.19 35.18 37.37 OK
r-devel-linux-x86_64-debian-gcc 0.11.0 2.06 27.85 29.91 OK
r-devel-linux-x86_64-fedora-clang 0.11.0 47.52 OK
r-devel-linux-x86_64-fedora-gcc 0.11.0 46.26 OK
r-devel-windows-ix86+x86_64 0.11.0 6.00 71.00 77.00 WARN
r-devel-windows-ix86+x86_64-gcc8 0.11.0 7.00 70.00 77.00 WARN
r-patched-linux-x86_64 0.11.0 2.41 32.81 35.22 OK
r-patched-solaris-x86 0.11.0 87.80 OK
r-release-linux-x86_64 0.11.0 2.36 32.65 35.01 OK
r-release-windows-ix86+x86_64 0.11.0 4.00 49.00 53.00 OK
r-release-osx-x86_64 0.11.0 OK
r-oldrel-windows-ix86+x86_64 0.11.0 3.00 53.00 56.00 OK
r-oldrel-osx-x86_64 0.11.0 OK

Check Details

Version: 0.11.0
Check: R files for syntax errors
Result: WARN
    Warnings in file 'R/replace_special_characters_internal.R':
     unable to translate '<U+00C4>' to native encoding
     unable to translate '<U+00D6>' to native encoding
     unable to translate '<U+00DC>' to native encoding
     unable to translate '<U+00E4>' to native encoding
     unable to translate '<U+00F6>' to native encoding
     unable to translate '<U+00FC>' to native encoding
     unable to translate '<U+00DF>' to native encoding
     unable to translate '<U+00C6>' to native encoding
     unable to translate '<U+00E6>' to native encoding
     unable to translate '<U+00D8>' to native encoding
     unable to translate '<U+00F8>' to native encoding
     unable to translate '<U+00C5>' to native encoding
     unable to translate '<U+00E5>' to native encoding
     unable to translate '<U+00C6>' to native encoding
     unable to translate '<U+00E6>' to native encoding
     unable to translate '<U+00D8>' to native encoding
     unable to translate '<U+00F8>' to native encoding
     unable to translate '<U+00C6>' to native encoding
     unable to translate '<U+00E6>' to native encoding
     unable to translate '<U+00D8>' to native encoding
     unable to translate '<U+00F8>' to native encoding
     unable to translate '<U+00C5>' to native encoding
     unable to translate '<U+00E5>' to native encoding
Flavors: r-devel-windows-ix86+x86_64, r-devel-windows-ix86+x86_64-gcc8