CRAN Package Check Results for Package snapshot

Last updated on 2018-09-17 22:51:19 CEST.

Flavor Version Tinstall Tcheck Ttotal Status Flags
r-devel-linux-x86_64-debian-clang 0.1.2 0.92 17.42 18.34 NOTE
r-devel-linux-x86_64-debian-gcc 0.1.2 0.88 13.94 14.82 NOTE
r-devel-linux-x86_64-fedora-clang 0.1.2 23.25 NOTE
r-devel-linux-x86_64-fedora-gcc 0.1.2 22.17 NOTE
r-devel-windows-ix86+x86_64 0.1.2 2.00 26.00 28.00 NOTE
r-patched-linux-x86_64 0.1.2 0.98 15.88 16.86 NOTE
r-patched-solaris-x86 0.1.2 33.10 NOTE
r-release-linux-x86_64 0.1.2 1.01 16.22 17.23 NOTE
r-release-windows-ix86+x86_64 0.1.2 3.00 27.00 30.00 NOTE
r-release-osx-x86_64 0.1.2 NOTE
r-oldrel-windows-ix86+x86_64 0.1.2 2.00 24.00 26.00 NOTE
r-oldrel-osx-x86_64 0.1.2 NOTE

Check Details

Version: 0.1.2
Check: DESCRIPTION meta-information
Result: NOTE
    Malformed Description field: should contain one or more complete sentences.
Flavors: r-devel-linux-x86_64-debian-clang, r-devel-linux-x86_64-debian-gcc, r-devel-linux-x86_64-fedora-clang, r-devel-linux-x86_64-fedora-gcc, r-devel-windows-ix86+x86_64, r-patched-linux-x86_64, r-patched-solaris-x86, r-release-linux-x86_64, r-release-windows-ix86+x86_64, r-release-osx-x86_64, r-oldrel-windows-ix86+x86_64, r-oldrel-osx-x86_64