CRAN Package Check Results for Package snapshot

Last updated on 2018-12-12 22:55:36 CET.

Flavor Version Tinstall Tcheck Ttotal Status Flags
r-devel-linux-x86_64-debian-clang 0.1.2 0.76 17.43 18.19 NOTE
r-devel-linux-x86_64-debian-gcc 0.1.2 0.65 13.99 14.64 NOTE
r-devel-linux-x86_64-fedora-clang 0.1.2 22.42 NOTE
r-devel-linux-x86_64-fedora-gcc 0.1.2 21.75 NOTE
r-devel-windows-ix86+x86_64 0.1.2 4.00 27.00 31.00 NOTE
r-patched-linux-x86_64 0.1.2 0.71 16.24 16.95 NOTE
r-patched-solaris-x86 0.1.2 35.30 NOTE
r-release-linux-x86_64 0.1.2 0.76 16.52 17.28 NOTE
r-release-windows-ix86+x86_64 0.1.2 3.00 27.00 30.00 NOTE
r-release-osx-x86_64 0.1.2 NOTE
r-oldrel-windows-ix86+x86_64 0.1.2 2.00 32.00 34.00 NOTE
r-oldrel-osx-x86_64 0.1.2 NOTE

Check Details

Version: 0.1.2
Check: DESCRIPTION meta-information
Result: NOTE
    Malformed Description field: should contain one or more complete sentences.
Flavors: r-devel-linux-x86_64-debian-clang, r-devel-linux-x86_64-debian-gcc, r-devel-linux-x86_64-fedora-clang, r-devel-linux-x86_64-fedora-gcc, r-devel-windows-ix86+x86_64, r-patched-linux-x86_64, r-patched-solaris-x86, r-release-linux-x86_64, r-release-windows-ix86+x86_64, r-release-osx-x86_64, r-oldrel-windows-ix86+x86_64, r-oldrel-osx-x86_64