CRAN Package Check Results for Package snapshot

Last updated on 2024-02-25 23:02:21 CET.

Flavor Version Tinstall Tcheck Ttotal Status Flags
r-devel-linux-x86_64-debian-clang 0.1.2 1.82 21.71 23.53 NOTE
r-devel-linux-x86_64-debian-gcc 0.1.2 1.71 16.93 18.64 NOTE
r-devel-linux-x86_64-fedora-clang 0.1.2 29.42 NOTE
r-devel-linux-x86_64-fedora-gcc 0.1.2 28.24 NOTE
r-devel-windows-x86_64 0.1.2 3.00 36.00 39.00 NOTE
r-patched-linux-x86_64 0.1.2 2.04 21.77 23.81 NOTE
r-release-linux-x86_64 0.1.2 2.34 22.13 24.47 NOTE
r-release-macos-arm64 0.1.2 15.00 NOTE
r-release-macos-x86_64 0.1.2 19.00 NOTE
r-release-windows-x86_64 0.1.2 3.00 36.00 39.00 NOTE
r-oldrel-macos-arm64 0.1.2 16.00 NOTE
r-oldrel-windows-x86_64 0.1.2 4.00 41.00 45.00 NOTE

Check Details

Version: 0.1.2
Check: DESCRIPTION meta-information
Result: NOTE Malformed Description field: should contain one or more complete sentences. Flavors: r-devel-linux-x86_64-debian-clang, r-devel-linux-x86_64-debian-gcc, r-devel-linux-x86_64-fedora-clang, r-devel-linux-x86_64-fedora-gcc, r-devel-windows-x86_64, r-patched-linux-x86_64, r-release-linux-x86_64, r-release-macos-arm64, r-release-macos-x86_64, r-release-windows-x86_64, r-oldrel-macos-arm64, r-oldrel-windows-x86_64