CRAN Package Check Results for Package snapshot

Last updated on 2017-11-23 22:47:24 CET.

Flavor Version Tinstall Tcheck Ttotal Status Flags
r-devel-linux-x86_64-debian-clang 0.1.2 0.56 16.69 17.26 NOTE
r-devel-linux-x86_64-debian-gcc 0.1.2 0.68 30.74 31.42 NOTE
r-devel-linux-x86_64-fedora-clang 0.1.2 17.46 NOTE
r-devel-linux-x86_64-fedora-gcc 0.1.2 16.57 NOTE
r-devel-windows-ix86+x86_64 0.1.2 3.00 24.00 27.00 NOTE
r-patched-linux-x86_64 0.1.2 0.84 31.22 32.06 NOTE
r-patched-solaris-x86 0.1.2 27.10 NOTE
r-release-linux-x86_64 0.1.2 0.68 11.33 12.01 NOTE
r-release-windows-ix86+x86_64 0.1.2 2.00 24.00 26.00 NOTE
r-release-osx-x86_64 0.1.2 NOTE
r-oldrel-windows-ix86+x86_64 0.1.2 2.00 22.00 24.00 NOTE
r-oldrel-osx-x86_64 0.1.2 NOTE

Check Details

Version: 0.1.2
Check: DESCRIPTION meta-information
Result: NOTE
    Malformed Description field: should contain one or more complete sentences.
Flavors: r-devel-linux-x86_64-debian-clang, r-devel-linux-x86_64-debian-gcc, r-devel-linux-x86_64-fedora-clang, r-devel-linux-x86_64-fedora-gcc, r-devel-windows-ix86+x86_64, r-patched-linux-x86_64, r-patched-solaris-x86, r-release-linux-x86_64, r-release-windows-ix86+x86_64, r-release-osx-x86_64, r-oldrel-windows-ix86+x86_64, r-oldrel-osx-x86_64