CRAN Package Check Results for Package snapshot

Last updated on 2018-06-19 22:54:16 CEST.

Flavor Version Tinstall Tcheck Ttotal Status Flags
r-devel-linux-x86_64-debian-clang 0.1.2 0.99 17.49 18.48 NOTE
r-devel-linux-x86_64-debian-gcc 0.1.2 0.85 13.67 14.52 NOTE
r-devel-linux-x86_64-fedora-clang 0.1.2 22.04 NOTE
r-devel-linux-x86_64-fedora-gcc 0.1.2 20.86 NOTE
r-devel-windows-ix86+x86_64 0.1.2 4.00 26.00 30.00 NOTE
r-patched-linux-x86_64 0.1.2 0.88 16.25 17.13 NOTE
r-patched-solaris-x86 0.1.2 33.10 NOTE
r-release-linux-x86_64 0.1.2 0.98 16.05 17.03 NOTE
r-release-windows-ix86+x86_64 0.1.2 3.00 27.00 30.00 NOTE
r-release-osx-x86_64 0.1.2 NOTE
r-oldrel-windows-ix86+x86_64 0.1.2 2.00 24.00 26.00 NOTE
r-oldrel-osx-x86_64 0.1.2 NOTE

Check Details

Version: 0.1.2
Check: DESCRIPTION meta-information
Result: NOTE
    Malformed Description field: should contain one or more complete sentences.
Flavors: r-devel-linux-x86_64-debian-clang, r-devel-linux-x86_64-debian-gcc, r-devel-linux-x86_64-fedora-clang, r-devel-linux-x86_64-fedora-gcc, r-devel-windows-ix86+x86_64, r-patched-linux-x86_64, r-patched-solaris-x86, r-release-linux-x86_64, r-release-windows-ix86+x86_64, r-release-osx-x86_64, r-oldrel-windows-ix86+x86_64, r-oldrel-osx-x86_64