CRAN Package Check Results for Package snapshot

Last updated on 2018-02-24 22:47:49 CET.

Flavor Version Tinstall Tcheck Ttotal Status Flags
r-devel-linux-x86_64-debian-clang 0.1.2 0.79 16.30 17.09 NOTE
r-devel-linux-x86_64-debian-gcc 0.1.2 0.82 12.75 13.57 NOTE
r-devel-linux-x86_64-fedora-clang 0.1.2 20.67 NOTE
r-devel-linux-x86_64-fedora-gcc 0.1.2 19.88 NOTE
r-devel-windows-ix86+x86_64 0.1.2 4.00 25.00 29.00 NOTE
r-patched-linux-x86_64 0.1.2 0.73 15.09 15.82 NOTE
r-patched-solaris-x86 0.1.2 30.20 NOTE
r-release-linux-x86_64 0.1.2 0.69 15.03 15.72 NOTE
r-release-windows-ix86+x86_64 0.1.2 2.00 24.00 26.00 NOTE
r-release-osx-x86_64 0.1.2 NOTE
r-oldrel-windows-ix86+x86_64 0.1.2 2.00 22.00 24.00 NOTE
r-oldrel-osx-x86_64 0.1.2 NOTE

Check Details

Version: 0.1.2
Check: DESCRIPTION meta-information
Result: NOTE
    Malformed Description field: should contain one or more complete sentences.
Flavors: r-devel-linux-x86_64-debian-clang, r-devel-linux-x86_64-debian-gcc, r-devel-linux-x86_64-fedora-clang, r-devel-linux-x86_64-fedora-gcc, r-devel-windows-ix86+x86_64, r-patched-linux-x86_64, r-patched-solaris-x86, r-release-linux-x86_64, r-release-windows-ix86+x86_64, r-release-osx-x86_64, r-oldrel-windows-ix86+x86_64, r-oldrel-osx-x86_64